CRAN Package Check Results for Package raustats

Last updated on 2020-02-27 17:51:06 CET.

Flavor Version Tinstall Tcheck Ttotal Status Flags
r-devel-linux-x86_64-debian-clang 0.15.0 7.64 115.83 123.47 WARN
r-devel-linux-x86_64-debian-gcc 0.15.0 5.59 95.29 100.88 OK
r-devel-linux-x86_64-fedora-clang 0.15.0 156.47 NOTE
r-devel-linux-x86_64-fedora-gcc 0.15.0 156.15 NOTE
r-devel-windows-ix86+x86_64 0.15.0 15.00 388.00 403.00 OK
r-devel-windows-ix86+x86_64-gcc8 0.15.0 16.00 358.00 374.00 OK
r-patched-linux-x86_64 0.15.0 5.33 119.24 124.57 OK
r-patched-solaris-x86 0.15.0 181.70 WARN
r-release-linux-x86_64 0.15.0 6.54 118.76 125.30 OK
r-release-windows-ix86+x86_64 0.15.0 12.00 391.00 403.00 OK
r-release-osx-x86_64 0.15.0 NOTE
r-oldrel-windows-ix86+x86_64 0.15.0 8.00 451.00 459.00 OK
r-oldrel-osx-x86_64 0.15.0 NOTE

Check Details

Version: 0.15.0
Check: re-building of vignette outputs
Result: WARN
    Error(s) in re-building vignettes:
     ...
    --- re-building 'raustats_introduction.Rmd' using rmarkdown
    Loading required package: readxl
    Attaching package: 'raustats'
    Navigating to /AUSSTATS/abs@.nsf/DetailsPage/5206.0Sep%202019?OpenDocument
    Navigating to /AUSSTATS/abs@.nsf/DetailsPage/5206.0Sep%202019?OpenDocument
    Navigating to /AUSSTATS/abs@.nsf/DetailsPage/6401.0Dec%202019?OpenDocument
    Navigating to /AUSSTATS/abs@.nsf/DetailsPage/5206.0Dec%202017?OpenDocument
    Navigating to /AUSSTATS/abs@.nsf/DetailsPage/5206.0Sep%202017?OpenDocument
    Navigating to /AUSSTATS/abs@.nsf/DetailsPage/1270.0.55.001July%202016?OpenDocument
    Navigating to /AUSSTATS/abs@.nsf/DetailsPage/5206.0Sep%202019?OpenDocument
    Quitting from lines 734-736 (raustats_introduction.Rmd)
    Error: processing vignette 'raustats_introduction.Rmd' failed with diagnostics:
    Entity 'nbsp' not defined [26]
    --- failed re-building 'raustats_introduction.Rmd'
    
    SUMMARY: processing the following file failed:
     'raustats_introduction.Rmd'
    
    Error: Vignette re-building failed.
    Execution halted
Flavor: r-devel-linux-x86_64-debian-clang

Version: 0.15.0
Check: data for non-ASCII characters
Result: NOTE
     Note: found 12 marked UTF-8 strings
Flavors: r-devel-linux-x86_64-fedora-clang, r-devel-linux-x86_64-fedora-gcc, r-patched-solaris-x86, r-release-osx-x86_64, r-oldrel-osx-x86_64

Version: 0.15.0
Check: re-building of vignette outputs
Result: WARN
    Error(s) in re-building vignettes:
     ...
    --- re-building ‘raustats_introduction.Rmd’ using rmarkdown
    Warning in engine$weave(file, quiet = quiet, encoding = enc) :
     Pandoc (>= 1.12.3) and/or pandoc-citeproc not available. Falling back to R Markdown v1.
    Loading required package: readxl
    Attaching package: 'raustats'
    Navigating to /AUSSTATS/abs@.nsf/DetailsPage/5206.0Sep%202019?OpenDocument
    Navigating to /AUSSTATS/abs@.nsf/DetailsPage/5206.0Sep%202019?OpenDocument
    Navigating to /AUSSTATS/abs@.nsf/DetailsPage/6401.0Dec%202019?OpenDocument
    Navigating to /AUSSTATS/abs@.nsf/DetailsPage/5206.0Dec%202017?OpenDocument
    Navigating to /AUSSTATS/abs@.nsf/DetailsPage/5206.0Sep%202017?OpenDocument
    Navigating to /AUSSTATS/abs@.nsf/DetailsPage/1270.0.55.001July%202016?OpenDocument
    Navigating to /AUSSTATS/abs@.nsf/DetailsPage/5206.0Sep%202019?OpenDocument
    Quitting from lines 604-606 (raustats_introduction.Rmd)
    Error: processing vignette 'raustats_introduction.Rmd' failed with diagnostics:
    Failed to connect to stat.data.abs.gov.au port 80: Connection timed out
    --- failed re-building ‘raustats_introduction.Rmd’
    
    SUMMARY: processing the following file failed:
     ‘raustats_introduction.Rmd’
    
    Error: Vignette re-building failed.
    Execution halted
Flavor: r-patched-solaris-x86