CRAN Package Check Results for Package raptr

Last updated on 2020-03-30 20:48:39 CEST.

Flavor Version Tinstall Tcheck Ttotal Status Flags
r-devel-linux-x86_64-debian-clang 0.1.6 201.03 231.65 432.68 NOTE
r-devel-linux-x86_64-debian-gcc 0.1.6 145.17 178.91 324.08 NOTE
r-devel-linux-x86_64-fedora-clang 0.1.6 587.52 NOTE
r-devel-linux-x86_64-fedora-gcc 0.1.6 540.98 NOTE
r-devel-windows-ix86+x86_64 0.1.6 294.00 389.00 683.00 NOTE
r-devel-windows-ix86+x86_64-gcc8 0.1.6 360.00 382.00 742.00 NOTE
r-patched-linux-x86_64 0.1.6 162.54 225.16 387.70 NOTE
r-patched-solaris-x86 0.1.6 787.20 NOTE
r-release-linux-x86_64 0.1.6 162.12 206.17 368.29 NOTE
r-release-windows-ix86+x86_64 0.1.6 7.00 8.00 15.00 ERROR
r-release-osx-x86_64 0.1.6 NOTE
r-oldrel-windows-ix86+x86_64 0.1.6 447.00 472.00 919.00 NOTE
r-oldrel-osx-x86_64 0.1.6 NOTE

Check Details

Version: 0.1.6
Check: package dependencies
Result: NOTE
    Package suggested but not available for checking: 'gurobi'
Flavors: r-devel-linux-x86_64-debian-clang, r-devel-linux-x86_64-debian-gcc, r-devel-linux-x86_64-fedora-clang, r-devel-linux-x86_64-fedora-gcc, r-devel-windows-ix86+x86_64, r-devel-windows-ix86+x86_64-gcc8, r-patched-linux-x86_64, r-patched-solaris-x86, r-release-linux-x86_64, r-release-windows-ix86+x86_64, r-release-osx-x86_64, r-oldrel-windows-ix86+x86_64, r-oldrel-osx-x86_64

Version: 0.1.6
Check: installed package size
Result: NOTE
     installed size is 18.8Mb
     sub-directories of 1Mb or more:
     data 3.6Mb
     doc 1.4Mb
     libs 13.1Mb
Flavors: r-devel-linux-x86_64-fedora-clang, r-devel-windows-ix86+x86_64, r-devel-windows-ix86+x86_64-gcc8, r-patched-solaris-x86, r-release-osx-x86_64, r-oldrel-windows-ix86+x86_64, r-oldrel-osx-x86_64

Version: 0.1.6
Check: whether package can be installed
Result: ERROR
    Installation failed.
Flavor: r-release-windows-ix86+x86_64