CRAN Package Check Results for Package rangeBuilder

Last updated on 2020-07-06 21:50:35 CEST.

Flavor Version Tinstall Tcheck Ttotal Status Flags
r-devel-linux-x86_64-debian-clang 1.5 39.00 110.87 149.87 OK
r-devel-linux-x86_64-debian-gcc 1.5 30.74 87.40 118.14 OK
r-devel-linux-x86_64-fedora-clang 1.5 196.98 OK
r-devel-linux-x86_64-fedora-gcc 1.5 186.03 OK
r-devel-windows-ix86+x86_64 1.5 89.00 154.00 243.00 NOTE
r-patched-linux-x86_64 1.5 35.54 110.11 145.65 OK
r-patched-solaris-x86 1.5 272.90 OK
r-release-linux-x86_64 1.5 32.01 109.12 141.13 OK
r-release-osx-x86_64 1.5 OK
r-release-windows-ix86+x86_64 1.5 68.00 161.00 229.00 NOTE
r-oldrel-osx-x86_64 1.5 OK
r-oldrel-windows-ix86+x86_64 1.5 91.00 222.00 313.00 OK

Check Details

Version: 1.5
Check: installed package size
Result: NOTE
     installed size is 5.3Mb
     sub-directories of 1Mb or more:
     R 2.4Mb
     libs 2.0Mb
Flavors: r-devel-windows-ix86+x86_64, r-release-windows-ix86+x86_64