CRAN Package Check Results for Package ragt2ridges

Last updated on 2021-04-15 09:50:11 CEST.

Flavor Version Tinstall Tcheck Ttotal Status Flags
r-devel-linux-x86_64-debian-clang 0.3.4 89.55 197.64 287.19 OK
r-devel-linux-x86_64-debian-gcc 0.3.4 64.26 145.13 209.39 OK
r-devel-linux-x86_64-fedora-clang 0.3.4 309.51 NOTE
r-devel-linux-x86_64-fedora-gcc 0.3.4 293.47 NOTE
r-devel-windows-ix86+x86_64 0.3.4 184.00 289.00 473.00 OK
r-devel-windows-x86_64-gcc10-UCRT 0.3.4 ERROR
r-patched-linux-x86_64 0.3.4 71.32 178.70 250.02 OK
r-patched-solaris-x86 0.3.4 411.80 NOTE
r-release-linux-x86_64 0.3.4 75.38 178.48 253.86 OK
r-release-macos-x86_64 0.3.4 NOTE
r-release-windows-ix86+x86_64 0.3.4 184.00 340.00 524.00 OK
r-oldrel-macos-x86_64 0.3.4 NOTE
r-oldrel-windows-ix86+x86_64 0.3.4 114.00 249.00 363.00 OK

Check Details

Version: 0.3.4
Check: installed package size
Result: NOTE
     installed size is 9.5Mb
     sub-directories of 1Mb or more:
     libs 8.8Mb
Flavors: r-devel-linux-x86_64-fedora-clang, r-release-macos-x86_64, r-oldrel-macos-x86_64

Version: 0.3.4
Check: dependencies in R code
Result: NOTE
    Namespaces in Imports field not imported from:
     ‘Biobase’ ‘CGHbase’
     All declared Imports should be used.
Flavors: r-devel-linux-x86_64-fedora-clang, r-devel-linux-x86_64-fedora-gcc, r-patched-solaris-x86, r-release-macos-x86_64, r-oldrel-macos-x86_64

Version: 0.3.4
Check: Rd cross-references
Result: NOTE
    Undeclared packages ‘longitudinal’, ‘gRbase’ in Rd xrefs
Flavor: r-devel-linux-x86_64-fedora-clang

Version: 0.3.4
Check: package dependencies
Result: ERROR
    Package required but not available: 'rags2ridges'
    
    See section 'The DESCRIPTION file' in the 'Writing R Extensions'
    manual.
Flavor: r-devel-windows-x86_64-gcc10-UCRT