CRAN Package Check Results for Package radsafer

Last updated on 2020-03-30 20:48:39 CEST.

Flavor Version Tinstall Tcheck Ttotal Status Flags
r-devel-linux-x86_64-debian-clang 2.2.0 4.07 44.27 48.34 OK
r-devel-linux-x86_64-debian-gcc 2.2.0 3.13 34.31 37.44 OK
r-devel-linux-x86_64-fedora-clang 2.2.0 58.91 OK
r-devel-linux-x86_64-fedora-gcc 2.2.0 57.30 OK
r-devel-windows-ix86+x86_64 2.2.0 14.00 61.00 75.00 OK
r-devel-windows-ix86+x86_64-gcc8 2.2.0 11.00 60.00 71.00 OK
r-patched-linux-x86_64 2.2.0 3.94 42.40 46.34 OK
r-patched-solaris-x86 2.2.0 89.30 OK
r-release-linux-x86_64 2.2.0 3.65 40.87 44.52 OK
r-release-windows-ix86+x86_64 2.2.0 11.00 8.00 19.00 ERROR
r-release-osx-x86_64 2.2.0 OK
r-oldrel-windows-ix86+x86_64 2.2.0 11.00 79.00 90.00 OK
r-oldrel-osx-x86_64 2.2.0 OK

Check Details

Version: 2.2.0
Check: whether package can be installed
Result: ERROR
    Installation failed.
Flavor: r-release-windows-ix86+x86_64