CRAN Package Check Results for Package radsafer

Last updated on 2021-06-20 09:50:02 CEST.

Flavor Version Tinstall Tcheck Ttotal Status Flags
r-devel-linux-x86_64-debian-clang 2.2.5 3.71 47.09 50.80 OK
r-devel-linux-x86_64-debian-gcc 2.2.5 3.03 36.17 39.20 OK
r-devel-linux-x86_64-fedora-clang 2.2.5 69.76 NOTE
r-devel-linux-x86_64-fedora-gcc 2.2.5 60.34 NOTE
r-devel-windows-x86_64 2.2.5 7.00 68.00 75.00 OK
r-devel-windows-x86_64-gcc10-UCRT 2.2.5 ERROR
r-patched-linux-x86_64 2.2.5 4.42 44.46 48.88 OK
r-patched-solaris-x86 2.2.5 86.20 NOTE
r-release-linux-x86_64 2.2.5 3.44 45.27 48.71 OK
r-release-macos-arm64 2.2.5 NOTE
r-release-macos-x86_64 2.2.5 NOTE
r-release-windows-ix86+x86_64 2.2.5 8.00 71.00 79.00 OK
r-oldrel-macos-x86_64 2.2.5 NOTE
r-oldrel-windows-ix86+x86_64 2.2.5 6.00 76.00 82.00 OK

Check Details

Version: 2.2.5
Check: dependencies in R code
Result: NOTE
    Namespaces in Imports field not imported from:
     ‘qpdf’ ‘utf8’
     All declared Imports should be used.
Flavors: r-devel-linux-x86_64-fedora-clang, r-devel-linux-x86_64-fedora-gcc, r-patched-solaris-x86, r-release-macos-arm64, r-release-macos-x86_64, r-oldrel-macos-x86_64

Version: 2.2.5
Check: package dependencies
Result: ERROR
    Package required but not available: 'qpdf'
    
    See section 'The DESCRIPTION file' in the 'Writing R Extensions'
    manual.
Flavor: r-devel-windows-x86_64-gcc10-UCRT