CRAN Package Check Results for Package raceland

Last updated on 2020-05-29 17:49:14 CEST.

Flavor Version Tinstall Tcheck Ttotal Status Flags
r-devel-linux-x86_64-debian-clang 1.0.8 87.35 272.49 359.84 OK
r-devel-linux-x86_64-debian-gcc 1.0.8 62.78 236.78 299.56 OK
r-devel-linux-x86_64-fedora-clang 1.0.8 444.86 NOTE
r-devel-linux-x86_64-fedora-gcc 1.0.8 422.68 NOTE
r-devel-windows-ix86+x86_64 1.0.8 228.00 374.00 602.00 OK
r-patched-linux-x86_64 1.0.8 64.00 263.11 327.11 OK
r-patched-solaris-x86 1.0.8 598.50 NOTE
r-release-linux-x86_64 1.0.8 66.24 266.63 332.87 OK
r-release-osx-x86_64 1.0.8 NOTE
r-release-windows-ix86+x86_64 1.0.8 177.00 413.00 590.00 OK
r-oldrel-osx-x86_64 1.0.8 NOTE
r-oldrel-windows-ix86+x86_64 1.0.8 169.00 310.00 479.00 OK

Check Details

Version: 1.0.8
Check: dependencies in R code
Result: NOTE
    Namespaces in Imports field not imported from:
     ‘comat’ ‘rgdal’
     All declared Imports should be used.
Flavors: r-devel-linux-x86_64-fedora-clang, r-devel-linux-x86_64-fedora-gcc, r-patched-solaris-x86, r-release-osx-x86_64, r-oldrel-osx-x86_64