CRAN Package Check Results for Package rWind

Last updated on 2020-02-27 17:51:08 CET.

Flavor Version Tinstall Tcheck Ttotal Status Flags
r-devel-linux-x86_64-debian-clang 1.1.5 14.56 142.50 157.06 OK
r-devel-linux-x86_64-debian-gcc 1.1.5 12.87 110.07 122.94 OK
r-devel-linux-x86_64-fedora-clang 1.1.5 198.54 WARN
r-devel-linux-x86_64-fedora-gcc 1.1.5 198.64 WARN
r-devel-windows-ix86+x86_64 1.1.5 37.00 183.00 220.00 OK
r-devel-windows-ix86+x86_64-gcc8 1.1.5 28.00 148.00 176.00 OK
r-patched-linux-x86_64 1.1.5 13.57 123.81 137.38 OK
r-patched-solaris-x86 1.1.5 257.90 OK
r-release-linux-x86_64 1.1.5 11.68 124.07 135.75 OK
r-release-windows-ix86+x86_64 1.1.5 25.00 121.00 146.00 OK
r-release-osx-x86_64 1.1.5 OK
r-oldrel-windows-ix86+x86_64 1.1.5 17.00 135.00 152.00 OK
r-oldrel-osx-x86_64 1.1.5 OK

Check Details

Version: 1.1.5
Check: whether package can be installed
Result: WARN
    Found the following significant warnings:
     Warning: namespace ‘rgdal’ is not available and has been replaced
Flavors: r-devel-linux-x86_64-fedora-clang, r-devel-linux-x86_64-fedora-gcc