CRAN Package Check Results for Package rWBclimate

Last updated on 2020-04-09 15:54:00 CEST.

Flavor Version Tinstall Tcheck Ttotal Status Flags
r-devel-linux-x86_64-debian-clang 0.1.3 6.79 59.01 65.80 NOTE
r-devel-linux-x86_64-debian-gcc 0.1.3 5.81 45.14 50.95 NOTE
r-devel-linux-x86_64-fedora-clang 0.1.3 80.86 NOTE
r-devel-linux-x86_64-fedora-gcc 0.1.3 89.83 NOTE
r-devel-windows-ix86+x86_64 0.1.3 16.00 106.00 122.00 NOTE
r-devel-windows-ix86+x86_64-gcc8 0.1.3 18.00 71.00 89.00 NOTE
r-patched-linux-x86_64 0.1.3 6.88 55.91 62.79 NOTE
r-patched-osx-x86_64 0.1.3 NOTE
r-patched-solaris-x86 0.1.3 139.50 NOTE
r-release-linux-x86_64 0.1.3 5.79 53.54 59.33 NOTE
r-release-windows-ix86+x86_64 0.1.3 15.00 93.00 108.00 NOTE
r-release-osx-x86_64 0.1.3 NOTE
r-oldrel-windows-ix86+x86_64 0.1.3 20.00 72.00 92.00 NOTE
r-oldrel-osx-x86_64 0.1.3 NOTE

Check Details

Version: 0.1.3
Check: R code for possible problems
Result: NOTE
    check_ISO_code: no visible binding for global variable 'NoAm_country'
    check_ISO_code: no visible binding for global variable 'SoAm_country'
    check_ISO_code: no visible binding for global variable 'Oceana_country'
    check_ISO_code: no visible binding for global variable 'Africa_country'
    check_ISO_code: no visible binding for global variable 'Asia_country'
    check_ISO_code: no visible binding for global variable 'Eur_country'
    climate_map: no visible binding for global variable 'data'
    date_correct: no visible global function definition for 'tail'
    Undefined global functions or variables:
     Africa_country Asia_country Eur_country NoAm_country Oceana_country
     SoAm_country data tail
    Consider adding
     importFrom("utils", "data", "tail")
    to your NAMESPACE file.
Flavors: r-devel-linux-x86_64-debian-clang, r-devel-linux-x86_64-debian-gcc, r-devel-linux-x86_64-fedora-clang, r-devel-linux-x86_64-fedora-gcc, r-devel-windows-ix86+x86_64, r-devel-windows-ix86+x86_64-gcc8, r-patched-linux-x86_64, r-patched-osx-x86_64, r-patched-solaris-x86, r-release-linux-x86_64, r-release-windows-ix86+x86_64, r-release-osx-x86_64, r-oldrel-windows-ix86+x86_64, r-oldrel-osx-x86_64