CRAN Package Check Results for Package rDNAse

Last updated on 2020-03-30 20:48:39 CEST.

Flavor Version Tinstall Tcheck Ttotal Status Flags
r-devel-linux-x86_64-debian-clang 1.1-1 3.82 38.83 42.65 OK
r-devel-linux-x86_64-debian-gcc 1.1-1 2.93 30.28 33.21 OK
r-devel-linux-x86_64-fedora-clang 1.1-1 51.91 OK
r-devel-linux-x86_64-fedora-gcc 1.1-1 51.37 OK
r-devel-windows-ix86+x86_64 1.1-1 10.00 53.00 63.00 OK
r-devel-windows-ix86+x86_64-gcc8 1.1-1 9.00 58.00 67.00 OK
r-patched-linux-x86_64 1.1-1 3.34 38.09 41.43 OK
r-patched-solaris-x86 1.1-1 75.80 OK
r-release-linux-x86_64 1.1-1 2.93 35.76 38.69 OK
r-release-windows-ix86+x86_64 1.1-1 12.00 81.00 93.00 OK
r-release-osx-x86_64 1.1-1 NOTE
r-oldrel-windows-ix86+x86_64 1.1-1 10.00 68.00 78.00 OK
r-oldrel-osx-x86_64 1.1-1 OK

Check Details

Version: 1.1-1
Check: package dependencies
Result: NOTE
    Packages suggested but not available for checking:
     'Biostrings', 'GOSemSim', 'org.Hs.eg.db'
Flavor: r-release-osx-x86_64