CRAN Package Check Results for Package rCAT

Last updated on 2020-05-29 17:49:14 CEST.

Flavor Version Tinstall Tcheck Ttotal Status Flags
r-devel-linux-x86_64-debian-clang 0.1.5 3.86 38.00 41.86 ERROR
r-devel-linux-x86_64-debian-gcc 0.1.5 3.18 30.22 33.40 ERROR
r-devel-linux-x86_64-fedora-clang 0.1.5 61.62 OK
r-devel-linux-x86_64-fedora-gcc 0.1.5 54.14 OK
r-devel-windows-ix86+x86_64 0.1.5 14.00 92.00 106.00 OK
r-patched-linux-x86_64 0.1.5 3.70 38.25 41.95 OK
r-patched-solaris-x86 0.1.5 79.60 OK
r-release-linux-x86_64 0.1.5 3.54 37.65 41.19 OK
r-release-osx-x86_64 0.1.5 OK
r-release-windows-ix86+x86_64 0.1.5 10.00 143.00 153.00 OK
r-oldrel-osx-x86_64 0.1.5 OK
r-oldrel-windows-ix86+x86_64 0.1.5 21.00 53.00 74.00 OK

Check Details

Version: 0.1.5
Check: examples
Result: ERROR
    Running examples in 'rCAT-Ex.R' failed
    The error most likely occurred in:
    
    > base::assign(".ptime", proc.time(), pos = "CheckExEnv")
    > ### Name: ConBatch
    > ### Title: Batch process, preliminary conservation assessments
    > ### Aliases: ConBatch
    >
    > ### ** Examples
    >
    > mydata <- read.csv(system.file("extdata","multiple_species.csv",package="rCAT"))
    > resultdf <- ConBatch(mydata$scientificname,mydata$latitude,mydata$longitude,2000,FALSE)
    [1] "Processing species x"
    Error in showSRID(uprojargs, format = "PROJ", multiline = "NO") :
     Can't parse PROJ.4-style parameter string
    +proj=cea +lon_0=24.5446916866314+lat_ts=0 +x_0=0 +y_0=0 +ellps=WGS84 +datum=WGS84 +units=m +no_defs
    Calls: ConBatch -> simProjWiz -> CRS -> <Anonymous> -> showSRID
    Execution halted
Flavors: r-devel-linux-x86_64-debian-clang, r-devel-linux-x86_64-debian-gcc