CRAN Package Check Results for Package rBDAT

Last updated on 2021-06-16 09:53:34 CEST.

Flavor Version Tinstall Tcheck Ttotal Status Flags
r-devel-linux-x86_64-debian-clang 0.9.8 6.05 34.93 40.98 NOTE
r-devel-linux-x86_64-debian-gcc 0.9.8 4.89 26.67 31.56 NOTE
r-devel-linux-x86_64-fedora-clang 0.9.8 58.03 NOTE
r-devel-linux-x86_64-fedora-gcc 0.9.8 51.20 NOTE
r-devel-windows-x86_64 0.9.8 12.00 52.00 64.00 NOTE
r-devel-windows-x86_64-gcc10-UCRT 0.9.8 NOTE
r-patched-linux-x86_64 0.9.8 6.57 33.00 39.57 NOTE
r-patched-solaris-x86 0.9.8 68.40 NOTE
r-release-linux-x86_64 0.9.8 5.61 33.17 38.78 NOTE
r-release-macos-arm64 0.9.8 NOTE
r-release-macos-x86_64 0.9.8 NOTE
r-release-windows-ix86+x86_64 0.9.8 18.00 63.00 81.00 NOTE
r-oldrel-macos-x86_64 0.9.8 OK
r-oldrel-windows-ix86+x86_64 0.9.8 14.00 65.00 79.00 OK

Check Details

Version: 0.9.8
Check: LazyData
Result: NOTE
     'LazyData' is specified without a 'data' directory
Flavors: r-devel-linux-x86_64-debian-clang, r-devel-linux-x86_64-debian-gcc, r-devel-linux-x86_64-fedora-clang, r-devel-linux-x86_64-fedora-gcc, r-devel-windows-x86_64, r-devel-windows-x86_64-gcc10-UCRT, r-patched-linux-x86_64, r-patched-solaris-x86, r-release-linux-x86_64, r-release-macos-arm64, r-release-macos-x86_64, r-release-windows-ix86+x86_64