CRAN Package Check Results for Package quickReg

Last updated on 2021-04-15 09:50:11 CEST.

Flavor Version Tinstall Tcheck Ttotal Status Flags
r-devel-linux-x86_64-debian-clang 1.5.0 5.11 80.95 86.06 OK
r-devel-linux-x86_64-debian-gcc 1.5.0 4.93 60.86 65.79 OK
r-devel-linux-x86_64-fedora-clang 1.5.0 115.34 NOTE
r-devel-linux-x86_64-fedora-gcc 1.5.0 100.04 NOTE
r-devel-windows-ix86+x86_64 1.5.0 15.00 88.00 103.00 OK
r-devel-windows-x86_64-gcc10-UCRT 1.5.0 NOTE
r-patched-linux-x86_64 1.5.0 5.37 76.37 81.74 OK
r-patched-solaris-x86 1.5.0 145.50 NOTE
r-release-linux-x86_64 1.5.0 6.25 75.59 81.84 OK
r-release-macos-x86_64 1.5.0 NOTE
r-release-windows-ix86+x86_64 1.5.0 22.00 110.00 132.00 OK
r-oldrel-macos-x86_64 1.5.0 NOTE
r-oldrel-windows-ix86+x86_64 1.5.0 10.00 71.00 81.00 OK

Check Details

Version: 1.5.0
Check: dependencies in R code
Result: NOTE
    Namespace in Imports field not imported from: ‘psych’
     All declared Imports should be used.
Flavors: r-devel-linux-x86_64-fedora-clang, r-devel-linux-x86_64-fedora-gcc, r-devel-windows-x86_64-gcc10-UCRT, r-patched-solaris-x86, r-release-macos-x86_64, r-oldrel-macos-x86_64

Version: 1.5.0
Check: Rd cross-references
Result: NOTE
    Undeclared package ‘PredictABEL’ in Rd xrefs
Flavor: r-devel-linux-x86_64-fedora-clang