CRAN Package Check Results for Package qtl2pleio

Last updated on 2020-03-30 20:48:38 CEST.

Flavor Version Tinstall Tcheck Ttotal Status Flags
r-devel-linux-x86_64-debian-clang 1.2.3 114.20 79.16 193.36 NOTE
r-devel-linux-x86_64-debian-gcc 1.2.3 82.31 61.67 143.98 NOTE
r-devel-linux-x86_64-fedora-clang 1.2.3 258.96 NOTE
r-devel-linux-x86_64-fedora-gcc 1.2.3 246.01 NOTE
r-devel-windows-ix86+x86_64 1.2.3 164.00 134.00 298.00 NOTE
r-devel-windows-ix86+x86_64-gcc8 1.2.3 186.00 141.00 327.00 NOTE
r-patched-linux-x86_64 1.2.3 97.08 78.64 175.72 NOTE
r-patched-solaris-x86 1.2.3 206.60 NOTE
r-release-linux-x86_64 1.2.3 96.91 73.06 169.97 NOTE
r-release-windows-ix86+x86_64 1.2.3 256.00 187.00 443.00 NOTE
r-release-osx-x86_64 1.2.3 NOTE
r-oldrel-windows-ix86+x86_64 1.2.3 212.00 169.00 381.00 NOTE
r-oldrel-osx-x86_64 1.2.3 NOTE

Check Details

Version: 1.2.3
Check: package dependencies
Result: NOTE
    Package suggested but not available for checking: 'qtl2'
Flavors: r-devel-linux-x86_64-debian-clang, r-devel-linux-x86_64-debian-gcc, r-devel-linux-x86_64-fedora-clang, r-devel-linux-x86_64-fedora-gcc, r-devel-windows-ix86+x86_64, r-devel-windows-ix86+x86_64-gcc8, r-patched-linux-x86_64, r-patched-solaris-x86, r-release-linux-x86_64, r-release-windows-ix86+x86_64, r-release-osx-x86_64, r-oldrel-windows-ix86+x86_64, r-oldrel-osx-x86_64

Version: 1.2.3
Check: installed package size
Result: NOTE
     installed size is 21.8Mb
     sub-directories of 1Mb or more:
     libs 21.1Mb
Flavors: r-devel-linux-x86_64-fedora-clang, r-release-osx-x86_64, r-oldrel-osx-x86_64

Version: 1.2.3
Check: dependencies in R code
Result: NOTE
    Namespace in Imports field not imported from: ‘stringr’
     All declared Imports should be used.
Flavors: r-devel-linux-x86_64-fedora-clang, r-devel-linux-x86_64-fedora-gcc, r-patched-solaris-x86, r-release-osx-x86_64, r-oldrel-osx-x86_64