CRAN Package Check Results for Package qsort

Last updated on 2021-06-15 09:52:58 CEST.

Flavor Version Tinstall Tcheck Ttotal Status Flags
r-devel-linux-x86_64-debian-clang 0.2.3 3.67 51.00 54.67 OK
r-devel-linux-x86_64-debian-gcc 0.2.3 3.61 38.82 42.43 OK
r-devel-linux-x86_64-fedora-clang 0.2.3 72.10 NOTE
r-devel-linux-x86_64-fedora-gcc 0.2.3 67.28 NOTE
r-devel-windows-x86_64 0.2.3 8.00 73.00 81.00 OK
r-devel-windows-x86_64-gcc10-UCRT 0.2.3 NOTE
r-patched-linux-x86_64 0.2.3 4.22 47.36 51.58 OK
r-patched-solaris-x86 0.2.3 92.20 NOTE
r-release-linux-x86_64 0.2.3 3.10 47.34 50.44 OK
r-release-macos-arm64 0.2.3 NOTE
r-release-macos-x86_64 0.2.3 NOTE
r-release-windows-ix86+x86_64 0.2.3 12.00 69.00 81.00 OK
r-oldrel-macos-x86_64 0.2.3 NOTE
r-oldrel-windows-ix86+x86_64 0.2.3 20.00 76.00 96.00 OK

Check Details

Version: 0.2.3
Check: data for non-ASCII characters
Result: NOTE
     Note: found 6 marked UTF-8 strings
Flavors: r-devel-linux-x86_64-fedora-clang, r-devel-linux-x86_64-fedora-gcc, r-devel-windows-x86_64-gcc10-UCRT, r-patched-solaris-x86, r-release-macos-arm64, r-release-macos-x86_64, r-oldrel-macos-x86_64