CRAN Package Check Results for Package qpcR

Last updated on 2020-04-09 15:53:57 CEST.

Flavor Version Tinstall Tcheck Ttotal Status Flags
r-devel-linux-x86_64-debian-clang 1.4-1 17.37 144.97 162.34 OK
r-devel-linux-x86_64-debian-gcc 1.4-1 14.28 112.55 126.83 OK
r-devel-linux-x86_64-fedora-clang 1.4-1 191.02 NOTE
r-devel-linux-x86_64-fedora-gcc 1.4-1 208.26 OK
r-devel-windows-ix86+x86_64 1.4-1 36.00 300.00 336.00 OK
r-devel-windows-ix86+x86_64-gcc8 1.4-1 33.00 206.00 239.00 OK
r-patched-linux-x86_64 1.4-1 16.54 140.70 157.24 OK
r-patched-osx-x86_64 1.4-1 OK
r-patched-solaris-x86 1.4-1 269.20 NOTE
r-release-linux-x86_64 1.4-1 14.84 127.73 142.57 OK
r-release-windows-ix86+x86_64 1.4-1 36.00 272.00 308.00 OK
r-release-osx-x86_64 1.4-1 WARN
r-oldrel-windows-ix86+x86_64 1.4-1 38.00 197.00 235.00 OK
r-oldrel-osx-x86_64 1.4-1 WARN

Check Details

Version: 1.4-1
Check: installed package size
Result: NOTE
     installed size is 5.0Mb
     sub-directories of 1Mb or more:
     data 3.7Mb
Flavors: r-devel-linux-x86_64-fedora-clang, r-patched-solaris-x86, r-release-osx-x86_64

Version: 1.4-1
Check: whether package can be installed
Result: WARN
    Found the following significant warnings:
     Warning: 'rgl_init' failed, running with rgl.useNULL = TRUE
Flavors: r-release-osx-x86_64, r-oldrel-osx-x86_64