CRAN Package Check Results for Package qat

Last updated on 2021-04-15 09:50:11 CEST.

Flavor Version Tinstall Tcheck Ttotal Status Flags
r-devel-linux-x86_64-debian-clang 0.74 14.22 178.73 192.95 NOTE
r-devel-linux-x86_64-debian-gcc 0.74 10.78 128.75 139.53 NOTE
r-devel-linux-x86_64-fedora-clang 0.74 229.35 NOTE
r-devel-linux-x86_64-fedora-gcc 0.74 221.56 NOTE
r-devel-windows-ix86+x86_64 0.74 29.00 179.00 208.00 OK
r-devel-windows-x86_64-gcc10-UCRT 0.74 OK
r-patched-linux-x86_64 0.74 13.84 161.61 175.45 NOTE
r-patched-solaris-x86 0.74 278.40 NOTE
r-release-linux-x86_64 0.74 13.41 163.02 176.43 NOTE
r-release-macos-x86_64 0.74 OK
r-release-windows-ix86+x86_64 0.74 29.00 223.00 252.00 OK
r-oldrel-macos-x86_64 0.74 OK
r-oldrel-windows-ix86+x86_64 0.74 24.00 152.00 176.00 OK

Check Details

Version: 0.74
Check: for non-standard things in the check directory
Result: NOTE
    Found the following files/directories:
     'exampleplot_1_blockdist_1.png' 'exampleplot_1_blockdist_2.png'
     'exampleplot_1_blockdist_3.png' 'exampleplot_1_bootdist.png'
     'exampleplot_1_dist.png' 'exampleplot_1_histogramtest_EMD.png'
     'exampleplot_1_roc_dynamic.png' 'exampleplot_1_slidedist_1.png'
     'exampleplot_1_slidedist_2.png' 'exampleplot_1_slidedist_3.png'
     'exampleplot_1_trimmeddist.png' 'exampleplot_blockdist_1.png'
     'exampleplot_blockdist_2.png' 'exampleplot_blockdist_3.png'
     'exampleplot_bootdist.png' 'exampleplot_dist.png'
     'exampleplot_lim_dyn.png' 'exampleplot_lim_sig.png'
     'exampleplot_lim_sta.png' 'exampleplot_noc.png'
     'exampleplot_roc_dyn.png' 'exampleplot_roc_sta.png'
     'exampleplot_slidedist_1.png' 'exampleplot_slidedist_2.png'
     'exampleplot_slidedist_3.png' 'exampleplot_trimmeddist.png'
     'myworkflow_result.xml' 'test_2_roc_dynamic.png' 'test_4_dist.png'
     'test_5_blockdist_1.png' 'test_5_blockdist_2.png'
     'test_5_blockdist_3.png' 'test_6_slidedist_1.png'
     'test_6_slidedist_2.png' 'test_6_slidedist_3.png'
     'test_7_trimmeddist.png' 'test_8_bootdist.png' 'test_emd_1d.png'
     'test_emd_2d.png' 'test_jsd_1d.png' 'test_jsd_2d.png'
     'test_kld_1d.png' 'test_kld_2d.png' 'test_ms_1d.png' 'test_ms_2d.png'
     'test_rms_1d.png' 'test_rms_2d.png'
Flavors: r-devel-linux-x86_64-debian-clang, r-devel-linux-x86_64-debian-gcc, r-devel-linux-x86_64-fedora-clang, r-devel-linux-x86_64-fedora-gcc, r-patched-linux-x86_64, r-patched-solaris-x86, r-release-linux-x86_64