CRAN Package Check Results for Package pwr2ppl

Last updated on 2021-04-15 09:50:11 CEST.

Flavor Version Tinstall Tcheck Ttotal Status Flags
r-devel-linux-x86_64-debian-clang 0.2.0 16.24 124.47 140.71 OK
r-devel-linux-x86_64-debian-gcc 0.2.0 13.99 90.41 104.40 OK
r-devel-linux-x86_64-fedora-clang 0.2.0 176.46 OK
r-devel-linux-x86_64-fedora-gcc 0.2.0 166.94 OK
r-devel-windows-ix86+x86_64 0.2.0 32.00 120.00 152.00 OK
r-devel-windows-x86_64-gcc10-UCRT 0.2.0 OK
r-patched-linux-x86_64 0.2.0 14.22 112.52 126.74 OK
r-patched-solaris-x86 0.2.0 5.20 ERROR
r-release-linux-x86_64 0.2.0 14.60 112.27 126.87 OK
r-release-macos-x86_64 0.2.0 OK
r-release-windows-ix86+x86_64 0.2.0 32.00 149.00 181.00 OK
r-oldrel-macos-x86_64 0.2.0 OK
r-oldrel-windows-ix86+x86_64 0.2.0 27.00 137.00 164.00 OK

Check Details

Version: 0.2.0
Check: package dependencies
Result: ERROR
    Package required but not available: ‘MBESS’
    
    See section ‘The DESCRIPTION file’ in the ‘Writing R Extensions’
    manual.
Flavor: r-patched-solaris-x86