CRAN Package Check Results for Package purrrlyr

Last updated on 2021-04-15 09:50:11 CEST.

Flavor Version Tinstall Tcheck Ttotal Status Flags
r-devel-linux-x86_64-debian-clang 0.0.7 53.40 49.13 102.53 NOTE
r-devel-linux-x86_64-debian-gcc 0.0.7 30.23 37.61 67.84 NOTE
r-devel-linux-x86_64-fedora-clang 0.0.7 144.63 NOTE
r-devel-linux-x86_64-fedora-gcc 0.0.7 118.34 NOTE
r-devel-windows-ix86+x86_64 0.0.7 120.00 86.00 206.00 NOTE
r-devel-windows-x86_64-gcc10-UCRT 0.0.7 NOTE
r-patched-linux-x86_64 0.0.7 38.50 46.15 84.65 OK
r-patched-solaris-x86 0.0.7 134.40 OK
r-release-linux-x86_64 0.0.7 38.76 46.07 84.83 OK
r-release-macos-x86_64 0.0.7 OK
r-release-windows-ix86+x86_64 0.0.7 120.00 109.00 229.00 OK
r-oldrel-macos-x86_64 0.0.7 OK
r-oldrel-windows-ix86+x86_64 0.0.7 100.00 75.00 175.00 OK

Additional issues

rchk

Check Details

Version: 0.0.7
Check: LazyData
Result: NOTE
     'LazyData' is specified without a 'data' directory
Flavors: r-devel-linux-x86_64-debian-clang, r-devel-linux-x86_64-debian-gcc, r-devel-linux-x86_64-fedora-clang, r-devel-linux-x86_64-fedora-gcc, r-devel-windows-ix86+x86_64, r-devel-windows-x86_64-gcc10-UCRT