CRAN Package Check Results for Package purrr

Last updated on 2021-10-27 08:56:14 CEST.

Flavor Version Tinstall Tcheck Ttotal Status Flags
r-devel-linux-x86_64-debian-clang 0.3.4 7.50 50.27 57.77 NOTE
r-devel-linux-x86_64-debian-gcc 0.3.4 5.46 38.04 43.50 NOTE
r-devel-linux-x86_64-fedora-clang 0.3.4 81.25 NOTE
r-devel-linux-x86_64-fedora-gcc 0.3.4 69.95 NOTE
r-devel-windows-x86_64 0.3.4 15.00 83.00 98.00 NOTE
r-devel-windows-x86_64-gcc10-UCRT 0.3.4 NOTE
r-patched-linux-x86_64 0.3.4 8.15 48.37 56.52 NOTE
r-patched-solaris-x86 0.3.4 94.60 NOTE
r-release-linux-x86_64 0.3.4 6.67 48.28 54.95 NOTE
r-release-macos-arm64 0.3.4 NOTE
r-release-macos-x86_64 0.3.4 WARN
r-release-windows-ix86+x86_64 0.3.4 19.00 98.00 117.00 NOTE
r-oldrel-macos-x86_64 0.3.4 OK
r-oldrel-windows-ix86+x86_64 0.3.4 23.00 100.00 123.00 OK

Check Details

Version: 0.3.4
Check: LazyData
Result: NOTE
     'LazyData' is specified without a 'data' directory
Flavors: r-devel-linux-x86_64-debian-clang, r-devel-linux-x86_64-debian-gcc, r-devel-linux-x86_64-fedora-clang, r-devel-linux-x86_64-fedora-gcc, r-devel-windows-x86_64, r-devel-windows-x86_64-gcc10-UCRT, r-patched-linux-x86_64, r-patched-solaris-x86, r-release-linux-x86_64, r-release-macos-arm64, r-release-macos-x86_64, r-release-windows-ix86+x86_64

Version: 0.3.4
Check: Rd cross-references
Result: NOTE
    Undeclared packages ‘vctrs’, ‘httr’ in Rd xrefs
Flavor: r-devel-linux-x86_64-fedora-clang

Version: 0.3.4
Check: re-building of vignette outputs
Result: WARN
    Error(s) in re-building vignettes:
     ...
    --- re-building ‘other-langs.Rmd’ using rmarkdown
    Warning in engine$weave(file, quiet = quiet, encoding = enc) :
     Pandoc (>= 1.12.3) not available. Falling back to R Markdown v1.
    Error: processing vignette 'other-langs.Rmd' failed with diagnostics:
    there is no package called 'stringi'
    --- failed re-building ‘other-langs.Rmd’
    
    SUMMARY: processing the following file failed:
     ‘other-langs.Rmd’
    
    Error: Vignette re-building failed.
    Execution halted
Flavor: r-release-macos-x86_64