CRAN Package Check Results for Package pulsar

Last updated on 2021-04-15 09:50:11 CEST.

Flavor Version Tinstall Tcheck Ttotal Status Flags
r-devel-linux-x86_64-debian-clang 0.3.7 7.66 548.24 555.90 OK
r-devel-linux-x86_64-debian-gcc 0.3.7 6.85 450.45 457.30 OK
r-devel-linux-x86_64-fedora-clang 0.3.7 614.60 OK
r-devel-linux-x86_64-fedora-gcc 0.3.7 586.63 OK
r-devel-windows-ix86+x86_64 0.3.7 18.00 542.00 560.00 OK
r-devel-windows-x86_64-gcc10-UCRT 0.3.7 OK
r-patched-linux-x86_64 0.3.7 7.23 497.08 504.31 OK
r-patched-solaris-x86 0.3.7 503.10 ERROR
r-release-linux-x86_64 0.3.7 8.79 500.37 509.16 OK
r-release-macos-x86_64 0.3.7 OK
r-release-windows-ix86+x86_64 0.3.7 15.00 658.00 673.00 OK
r-oldrel-macos-x86_64 0.3.7 OK
r-oldrel-windows-ix86+x86_64 0.3.7 15.00 454.00 469.00 OK

Check Details

Version: 0.3.7
Check: tests
Result: ERROR
     Running ‘testthat.R’ [0m/180m]
    Running the tests in ‘tests/testthat.R’ failed.
    Complete output:
     > suppressPackageStartupMessages(library(testthat))
     > suppressPackageStartupMessages(library(pulsar))
     >
     > testthat::test_check("pulsar")
    
     *** caught segfault ***
     address 2, cause 'memory not mapped'
Flavor: r-patched-solaris-x86