CRAN Package Check Results for Package pubmedR

Last updated on 2021-04-15 09:50:11 CEST.

Flavor Version Tinstall Tcheck Ttotal Status Flags
r-devel-linux-x86_64-debian-clang 0.0.3 3.31 32.94 36.25 NOTE
r-devel-linux-x86_64-debian-gcc 0.0.3 2.40 25.15 27.55 NOTE
r-devel-linux-x86_64-fedora-clang 0.0.3 52.22 NOTE
r-devel-linux-x86_64-fedora-gcc 0.0.3 41.44 NOTE
r-devel-windows-ix86+x86_64 0.0.3 7.00 39.00 46.00 NOTE
r-devel-windows-x86_64-gcc10-UCRT 0.0.3 NOTE
r-patched-linux-x86_64 0.0.3 2.95 30.45 33.40 OK
r-patched-solaris-x86 0.0.3 65.60 OK
r-release-linux-x86_64 0.0.3 2.72 30.56 33.28 OK
r-release-macos-x86_64 0.0.3 OK
r-release-windows-ix86+x86_64 0.0.3 22.00 53.00 75.00 OK
r-oldrel-macos-x86_64 0.0.3 OK
r-oldrel-windows-ix86+x86_64 0.0.3 5.00 30.00 35.00 OK

Check Details

Version: 0.0.3
Check: LazyData
Result: NOTE
     'LazyData' is specified without a 'data' directory
Flavors: r-devel-linux-x86_64-debian-clang, r-devel-linux-x86_64-debian-gcc, r-devel-linux-x86_64-fedora-clang, r-devel-linux-x86_64-fedora-gcc, r-devel-windows-ix86+x86_64, r-devel-windows-x86_64-gcc10-UCRT