CRAN Package Check Results for Package ptsuite

Last updated on 2021-06-22 09:51:48 CEST.

Flavor Version Tinstall Tcheck Ttotal Status Flags
r-devel-linux-x86_64-debian-clang 1.0.0 21.13 41.61 62.74 NOTE
r-devel-linux-x86_64-debian-gcc 1.0.0 15.04 33.00 48.04 NOTE
r-devel-linux-x86_64-fedora-clang 1.0.0 90.11 NOTE
r-devel-linux-x86_64-fedora-gcc 1.0.0 86.58 NOTE
r-devel-windows-x86_64 1.0.0 27.00 67.00 94.00 NOTE
r-devel-windows-x86_64-gcc10-UCRT 1.0.0 NOTE
r-patched-linux-x86_64 1.0.0 17.39 40.56 57.95 NOTE
r-patched-solaris-x86 1.0.0 102.50 NOTE
r-release-linux-x86_64 1.0.0 17.48 41.31 58.79 NOTE
r-release-macos-arm64 1.0.0 NOTE
r-release-macos-x86_64 1.0.0 NOTE
r-release-windows-ix86+x86_64 1.0.0 50.00 92.00 142.00 NOTE
r-oldrel-macos-x86_64 1.0.0 OK

Check Details

Version: 1.0.0
Check: LazyData
Result: NOTE
     'LazyData' is specified without a 'data' directory
Flavors: r-devel-linux-x86_64-debian-clang, r-devel-linux-x86_64-debian-gcc, r-devel-linux-x86_64-fedora-clang, r-devel-linux-x86_64-fedora-gcc, r-devel-windows-x86_64, r-devel-windows-x86_64-gcc10-UCRT, r-patched-linux-x86_64, r-patched-solaris-x86, r-release-linux-x86_64, r-release-macos-arm64, r-release-macos-x86_64, r-release-windows-ix86+x86_64

Version: 1.0.0
Check: package dependencies
Result: NOTE
    Package suggested but not available for checking: 'plotly'
Flavor: r-devel-windows-x86_64-gcc10-UCRT