CRAN Package Check Results for Package psycho

Last updated on 2021-06-21 09:52:51 CEST.

Flavor Version Tinstall Tcheck Ttotal Status Flags
r-devel-linux-x86_64-debian-clang 0.6.1 4.89 67.10 71.99 OK
r-devel-linux-x86_64-debian-gcc 0.6.1 4.21 49.87 54.08 OK
r-devel-linux-x86_64-fedora-clang 0.6.1 95.07 OK
r-devel-linux-x86_64-fedora-gcc 0.6.1 87.49 OK
r-devel-windows-x86_64 0.6.1 10.00 85.00 95.00 OK --no-vignettes
r-devel-windows-x86_64-gcc10-UCRT 0.6.1 NOTE
r-patched-linux-x86_64 0.6.1 4.68 64.66 69.34 OK
r-patched-solaris-x86 0.6.1 130.10 OK
r-release-linux-x86_64 0.6.1 4.90 63.39 68.29 OK
r-release-macos-arm64 0.6.1 OK
r-release-macos-x86_64 0.6.1 OK
r-release-windows-ix86+x86_64 0.6.1 14.00 63.00 77.00 OK --no-vignettes
r-oldrel-macos-x86_64 0.6.1 OK

Check Details

Version: 0.6.1
Check: package dependencies
Result: NOTE
    Package suggested but not available for checking: 'covr'
Flavor: r-devel-windows-x86_64-gcc10-UCRT