CRAN Package Check Results for Package psycho

Last updated on 2020-03-30 20:48:38 CEST.

Flavor Version Tinstall Tcheck Ttotal Status Flags
r-devel-linux-x86_64-debian-clang 0.5.0 5.42 55.99 61.41 OK
r-devel-linux-x86_64-debian-gcc 0.5.0 4.15 43.61 47.76 OK
r-devel-linux-x86_64-fedora-clang 0.5.0 74.07 NOTE
r-devel-linux-x86_64-fedora-gcc 0.5.0 71.37 NOTE
r-devel-windows-ix86+x86_64 0.5.0 12.00 93.00 105.00 OK --no-vignettes
r-devel-windows-ix86+x86_64-gcc8 0.5.0 14.00 65.00 79.00 OK --no-vignettes
r-patched-linux-x86_64 0.5.0 5.01 53.52 58.53 OK
r-patched-solaris-x86 0.5.0 116.80 NOTE
r-release-linux-x86_64 0.5.0 4.47 52.40 56.87 OK
r-release-windows-ix86+x86_64 0.5.0 23.00 68.00 91.00 OK --no-vignettes
r-release-osx-x86_64 0.5.0 NOTE
r-oldrel-windows-ix86+x86_64 0.5.0 14.00 88.00 102.00 OK --no-vignettes
r-oldrel-osx-x86_64 0.5.0 NOTE

Check Details

Version: 0.5.0
Check: dependencies in R code
Result: NOTE
    Namespaces in Imports field not imported from:
     ‘methods’ ‘performance’ ‘tidyr’
     All declared Imports should be used.
Flavors: r-devel-linux-x86_64-fedora-clang, r-devel-linux-x86_64-fedora-gcc, r-patched-solaris-x86, r-release-osx-x86_64, r-oldrel-osx-x86_64