CRAN Package Check Results for Package pssmooth

Last updated on 2021-04-15 09:50:11 CEST.

Flavor Version Tinstall Tcheck Ttotal Status Flags
r-devel-linux-x86_64-debian-clang 1.0.3 10.50 110.00 120.50 NOTE
r-devel-linux-x86_64-debian-gcc 1.0.3 8.77 82.18 90.95 NOTE
r-devel-linux-x86_64-fedora-clang 1.0.3 151.73 NOTE
r-devel-linux-x86_64-fedora-gcc 1.0.3 141.04 NOTE
r-devel-windows-ix86+x86_64 1.0.3 26.00 103.00 129.00 NOTE
r-devel-windows-x86_64-gcc10-UCRT 1.0.3 NOTE
r-patched-linux-x86_64 1.0.3 10.35 99.63 109.98 OK
r-patched-solaris-x86 1.0.3 204.70 OK
r-release-linux-x86_64 1.0.3 10.38 99.51 109.89 OK
r-release-macos-x86_64 1.0.3 OK
r-release-windows-ix86+x86_64 1.0.3 37.00 135.00 172.00 OK
r-oldrel-macos-x86_64 1.0.3 OK
r-oldrel-windows-ix86+x86_64 1.0.3 21.00 86.00 107.00 OK

Check Details

Version: 1.0.3
Check: LazyData
Result: NOTE
     'LazyData' is specified without a 'data' directory
Flavors: r-devel-linux-x86_64-debian-clang, r-devel-linux-x86_64-debian-gcc, r-devel-linux-x86_64-fedora-clang, r-devel-linux-x86_64-fedora-gcc, r-devel-windows-ix86+x86_64, r-devel-windows-x86_64-gcc10-UCRT