CRAN Package Check Results for Package pspline.inference

Last updated on 2021-04-15 09:50:11 CEST.

Flavor Version Tinstall Tcheck Ttotal Status Flags
r-devel-linux-x86_64-debian-clang 1.0.4 10.48 166.89 177.37 NOTE
r-devel-linux-x86_64-debian-gcc 1.0.4 8.83 120.92 129.75 NOTE
r-devel-linux-x86_64-fedora-clang 1.0.4 207.29 NOTE
r-devel-linux-x86_64-fedora-gcc 1.0.4 200.34 NOTE
r-devel-windows-ix86+x86_64 1.0.4 23.00 154.00 177.00 NOTE
r-devel-windows-x86_64-gcc10-UCRT 1.0.4 FAIL
r-patched-linux-x86_64 1.0.4 9.35 160.23 169.58 OK
r-patched-solaris-x86 1.0.4 517.50 OK
r-release-linux-x86_64 1.0.4 9.75 159.41 169.16 OK
r-release-macos-x86_64 1.0.4 OK
r-release-windows-ix86+x86_64 1.0.4 38.00 209.00 247.00 OK
r-oldrel-macos-x86_64 1.0.4 OK
r-oldrel-windows-ix86+x86_64 1.0.4 15.00 135.00 150.00 OK

Check Details

Version: 1.0.4
Check: LazyData
Result: NOTE
     'LazyData' is specified without a 'data' directory
Flavors: r-devel-linux-x86_64-debian-clang, r-devel-linux-x86_64-debian-gcc, r-devel-linux-x86_64-fedora-clang, r-devel-linux-x86_64-fedora-gcc, r-devel-windows-ix86+x86_64, r-devel-windows-x86_64-gcc10-UCRT

Version: 1.0.4
Check: re-building of vignette outputs
Result: FAIL
Flavor: r-devel-windows-x86_64-gcc10-UCRT