CRAN Package Check Results for Package prozor

Last updated on 2020-03-30 20:48:38 CEST.

Flavor Version Tinstall Tcheck Ttotal Status Flags
r-devel-linux-x86_64-debian-clang 0.2.11 10.64 410.89 421.53 NOTE
r-devel-linux-x86_64-debian-gcc 0.2.11 8.83 304.46 313.29 NOTE
r-devel-linux-x86_64-fedora-clang 0.2.11 500.95 NOTE
r-devel-linux-x86_64-fedora-gcc 0.2.11 462.46 NOTE
r-devel-windows-ix86+x86_64 0.2.11 24.00 361.00 385.00 NOTE
r-devel-windows-ix86+x86_64-gcc8 0.2.11 21.00 387.00 408.00 NOTE
r-patched-linux-x86_64 0.2.11 10.07 377.54 387.61 NOTE
r-patched-solaris-x86 0.2.11 785.90 NOTE
r-release-linux-x86_64 0.2.11 8.00 377.29 385.29 OK
r-release-windows-ix86+x86_64 0.2.11 26.00 487.00 513.00 NOTE
r-release-osx-x86_64 0.2.11 NOTE
r-oldrel-windows-ix86+x86_64 0.2.11 21.00 493.00 514.00 NOTE
r-oldrel-osx-x86_64 0.2.11 NOTE

Check Details

Version: 0.2.11
Check: package vignettes
Result: NOTE
    Package vignette with placeholder title 'Vignette Title':
     'TargetDecoyFDR_Example.Rmd'
Flavors: r-devel-linux-x86_64-debian-clang, r-devel-linux-x86_64-debian-gcc, r-devel-windows-ix86+x86_64, r-devel-windows-ix86+x86_64-gcc8, r-patched-linux-x86_64

Version: 0.2.11
Check: installed package size
Result: NOTE
     installed size is 5.6Mb
     sub-directories of 1Mb or more:
     data 1.7Mb
     extdata 2.3Mb
Flavors: r-devel-linux-x86_64-fedora-clang, r-devel-windows-ix86+x86_64, r-devel-windows-ix86+x86_64-gcc8, r-patched-solaris-x86, r-release-windows-ix86+x86_64, r-release-osx-x86_64, r-oldrel-windows-ix86+x86_64, r-oldrel-osx-x86_64

Version: 0.2.11
Check: dependencies in R code
Result: NOTE
    Namespaces in Imports field not imported from:
     ‘dplyr’ ‘readr’
     All declared Imports should be used.
Flavors: r-devel-linux-x86_64-fedora-clang, r-devel-linux-x86_64-fedora-gcc, r-patched-solaris-x86, r-release-osx-x86_64, r-oldrel-osx-x86_64