CRAN Package Check Results for Package proto

Last updated on 2021-06-24 09:52:40 CEST.

Flavor Version Tinstall Tcheck Ttotal Status Flags
r-devel-linux-x86_64-debian-clang 1.0.0 1.94 37.90 39.84 OK
r-devel-linux-x86_64-debian-gcc 1.0.0 1.41 30.28 31.69 OK
r-devel-linux-x86_64-fedora-clang 1.0.0 57.15 OK
r-devel-linux-x86_64-fedora-gcc 1.0.0 46.83 OK
r-devel-windows-x86_64 1.0.0 4.00 54.00 58.00 OK
r-devel-windows-x86_64-gcc10-UCRT 1.0.0 NOTE
r-patched-linux-x86_64 1.0.0 2.08 34.99 37.07 OK
r-patched-solaris-x86 1.0.0 66.30 OK
r-release-linux-x86_64 1.0.0 1.95 34.91 36.86 OK
r-release-macos-arm64 1.0.0 OK
r-release-macos-x86_64 1.0.0 OK
r-release-windows-ix86+x86_64 1.0.0 4.00 43.00 47.00 OK
r-oldrel-macos-x86_64 1.0.0 OK

Check Details

Version: 1.0.0
Check: package dependencies
Result: NOTE
    Package suggested but not available for checking: 'covr'
Flavor: r-devel-windows-x86_64-gcc10-UCRT