CRAN Package Check Results for Package projpred

Last updated on 2021-04-15 09:50:11 CEST.

Flavor Version Tinstall Tcheck Ttotal Status Flags
r-devel-linux-x86_64-debian-clang 2.0.2 52.93 328.94 381.87 OK
r-devel-linux-x86_64-debian-gcc 2.0.2 38.13 239.28 277.41 OK
r-devel-linux-x86_64-fedora-clang 2.0.2 454.78 NOTE
r-devel-linux-x86_64-fedora-gcc 2.0.2 444.05 NOTE
r-devel-windows-ix86+x86_64 2.0.2 122.00 518.00 640.00 OK
r-devel-windows-x86_64-gcc10-UCRT 2.0.2 NOTE
r-patched-linux-x86_64 2.0.2 44.12 302.78 346.90 OK
r-patched-solaris-x86 2.0.2 529.90 NOTE
r-release-linux-x86_64 2.0.2 42.34 305.31 347.65 OK
r-release-macos-x86_64 2.0.2 NOTE
r-release-windows-ix86+x86_64 2.0.2 118.00 640.00 758.00 OK
r-oldrel-macos-x86_64 2.0.2 NOTE
r-oldrel-windows-ix86+x86_64 2.0.2 83.00 450.00 533.00 OK

Check Details

Version: 2.0.2
Check: dependencies in R code
Result: NOTE
    Namespaces in Imports field not imported from:
     ‘MASS’ ‘optimx’ ‘tidyverse’
     All declared Imports should be used.
Flavors: r-devel-linux-x86_64-fedora-clang, r-devel-linux-x86_64-fedora-gcc, r-devel-windows-x86_64-gcc10-UCRT, r-patched-solaris-x86, r-release-macos-x86_64, r-oldrel-macos-x86_64

Version: 2.0.2
Check: package dependencies
Result: NOTE
    Package suggested but not available for checking: 'rstanarm'
Flavor: r-devel-windows-x86_64-gcc10-UCRT