CRAN Package Check Results for Package profile

Last updated on 2020-03-30 20:48:38 CEST.

Flavor Version Tinstall Tcheck Ttotal Status Flags
r-devel-linux-x86_64-debian-clang 1.0 2.54 31.53 34.07 OK
r-devel-linux-x86_64-debian-gcc 1.0 2.36 24.67 27.03 OK
r-devel-linux-x86_64-fedora-clang 1.0 40.04 OK
r-devel-linux-x86_64-fedora-gcc 1.0 38.70 OK
r-devel-windows-ix86+x86_64 1.0 6.00 37.00 43.00 OK
r-devel-windows-ix86+x86_64-gcc8 1.0 8.00 42.00 50.00 OK
r-patched-linux-x86_64 1.0 2.82 29.79 32.61 OK
r-patched-solaris-x86 1.0 56.00 ERROR
r-release-linux-x86_64 1.0 1.88 27.60 29.48 OK
r-release-windows-ix86+x86_64 1.0 7.00 57.00 64.00 OK
r-release-osx-x86_64 1.0 OK
r-oldrel-windows-ix86+x86_64 1.0 5.00 60.00 65.00 OK
r-oldrel-osx-x86_64 1.0 OK

Check Details

Version: 1.0
Check: package dependencies
Result: NOTE
    Package suggested but not available for checking: ‘RProtoBuf’
Flavor: r-patched-solaris-x86

Version: 1.0
Check: examples
Result: ERROR
    Running examples in ‘profile-Ex.R’ failed
    The error most likely occurred in:
    
    > ### Name: read_rprof
    > ### Title: File I/O for profiler data
    > ### Aliases: read_rprof read_pprof write_rprof write_pprof
    >
    > ### ** Examples
    >
    > rprof_file <- system.file("samples/rprof/1.out", package = "profile")
    > ds <- read_rprof(rprof_file)
    > ds
    Profile data: 22 samples
    > pprof_file <- tempfile("profile", fileext = ".pb.gz")
    > write_pprof(ds, pprof_file)
    Error: Package RProtoBuf is required to read pprof files.
    Backtrace:
     █
     1. └─profile::write_pprof(ds, pprof_file)
     2. └─profile:::ds_to_msg(x)
     3. └─profile:::provide_proto()
    Execution halted
Flavor: r-patched-solaris-x86