CRAN Package Check Results for Package probFDA

Last updated on 2021-04-15 09:50:10 CEST.

Flavor Version Tinstall Tcheck Ttotal Status Flags
r-devel-linux-x86_64-debian-clang 1.0.1 2.29 30.19 32.48 NOTE
r-devel-linux-x86_64-debian-gcc 1.0.1 2.28 22.78 25.06 NOTE
r-devel-linux-x86_64-fedora-clang 1.0.1 48.17 NOTE
r-devel-linux-x86_64-fedora-gcc 1.0.1 38.52 NOTE
r-devel-windows-ix86+x86_64 1.0.1 7.00 38.00 45.00 NOTE
r-devel-windows-x86_64-gcc10-UCRT 1.0.1 NOTE
r-patched-linux-x86_64 1.0.1 2.66 28.22 30.88 NOTE
r-patched-solaris-x86 1.0.1 56.20 NOTE
r-release-linux-x86_64 1.0.1 2.59 28.66 31.25 NOTE
r-release-macos-x86_64 1.0.1 NOTE
r-release-windows-ix86+x86_64 1.0.1 5.00 46.00 51.00 NOTE
r-oldrel-macos-x86_64 1.0.1 NOTE
r-oldrel-windows-ix86+x86_64 1.0.1 4.00 32.00 36.00 NOTE

Check Details

Version: 1.0.1
Check: R code for possible problems
Result: NOTE
    .pfda.fstep: no visible global function definition for 'dist'
    .pfda.mstep: no visible global function definition for 'cov'
    Undefined global functions or variables:
     cov dist
    Consider adding
     importFrom("stats", "cov", "dist")
    to your NAMESPACE file.
Flavors: r-devel-linux-x86_64-debian-clang, r-devel-linux-x86_64-debian-gcc, r-devel-linux-x86_64-fedora-clang, r-devel-linux-x86_64-fedora-gcc, r-devel-windows-ix86+x86_64, r-devel-windows-x86_64-gcc10-UCRT, r-patched-linux-x86_64, r-patched-solaris-x86, r-release-linux-x86_64, r-release-macos-x86_64, r-release-windows-ix86+x86_64

Version: 1.0.1
Check: R code for possible problems
Result: NOTE
    .pfda.fstep: no visible global function definition for ‘dist’
    .pfda.main: no visible global function definition for ‘plot’
    .pfda.mstep: no visible global function definition for ‘cov’
    Undefined global functions or variables:
     cov dist plot
    Consider adding
     importFrom("graphics", "plot")
     importFrom("stats", "cov", "dist")
    to your NAMESPACE file.
Flavors: r-oldrel-macos-x86_64, r-oldrel-windows-ix86+x86_64