CRAN Package Check Results for Package prioritizr

Last updated on 2020-03-30 20:48:38 CEST.

Flavor Version Tinstall Tcheck Ttotal Status Flags
r-devel-linux-x86_64-debian-clang 4.1.5 419.62 269.67 689.29 NOTE
r-devel-linux-x86_64-debian-gcc 4.1.5 272.88 202.64 475.52 NOTE
r-devel-linux-x86_64-fedora-clang 4.1.5 909.27 NOTE
r-devel-linux-x86_64-fedora-gcc 4.1.5 852.06 NOTE
r-devel-windows-ix86+x86_64 4.1.5 739.00 328.00 1067.00 NOTE
r-devel-windows-ix86+x86_64-gcc8 4.1.5 793.00 348.00 1141.00 NOTE
r-patched-linux-x86_64 4.1.5 335.58 252.51 588.09 NOTE
r-patched-solaris-x86 4.1.5 809.80 NOTE
r-release-linux-x86_64 4.1.5 332.37 233.67 566.04 NOTE
r-release-windows-ix86+x86_64 4.1.5 1028.00 433.00 1461.00 NOTE
r-release-osx-x86_64 4.1.5 NOTE
r-oldrel-windows-ix86+x86_64 4.1.5 1018.00 378.00 1396.00 NOTE
r-oldrel-osx-x86_64 4.1.5 NOTE

Check Details

Version: 4.1.5
Check: package dependencies
Result: NOTE
    Packages suggested but not available for checking: 'velox', 'gurobi'
Flavors: r-devel-linux-x86_64-debian-clang, r-devel-linux-x86_64-debian-gcc, r-devel-linux-x86_64-fedora-clang, r-devel-linux-x86_64-fedora-gcc, r-patched-linux-x86_64, r-release-linux-x86_64

Version: 4.1.5
Check: Rd cross-references
Result: NOTE
    Unknown package 'velox' in Rd xrefs
Flavors: r-devel-linux-x86_64-debian-clang, r-devel-linux-x86_64-debian-gcc, r-devel-linux-x86_64-fedora-clang, r-devel-linux-x86_64-fedora-gcc, r-patched-linux-x86_64, r-patched-solaris-x86, r-release-linux-x86_64

Version: 4.1.5
Check: installed package size
Result: NOTE
     installed size is 19.4Mb
     sub-directories of 1Mb or more:
     doc 1.2Mb
     libs 16.1Mb
Flavors: r-devel-linux-x86_64-fedora-clang, r-devel-windows-ix86+x86_64, r-devel-windows-ix86+x86_64-gcc8, r-release-windows-ix86+x86_64, r-release-osx-x86_64, r-oldrel-windows-ix86+x86_64, r-oldrel-osx-x86_64

Version: 4.1.5
Check: package dependencies
Result: NOTE
    Package suggested but not available for checking: 'gurobi'
Flavors: r-devel-windows-ix86+x86_64, r-devel-windows-ix86+x86_64-gcc8, r-release-windows-ix86+x86_64, r-oldrel-windows-ix86+x86_64

Version: 4.1.5
Check: package dependencies
Result: NOTE
    Packages suggested but not available for checking:
     'velox', 'gurobi', 'lpsymphony', 'Rsymphony'
Flavor: r-patched-solaris-x86

Version: 4.1.5
Check: package dependencies
Result: NOTE
    Packages suggested but not available for checking: 'gurobi', 'Rsymphony'
Flavor: r-release-osx-x86_64

Version: 4.1.5
Check: package dependencies
Result: NOTE
    Packages suggested but not available for checking:
     ‘gurobi’ ‘lpsymphony’ ‘Rsymphony’
Flavor: r-oldrel-osx-x86_64