CRAN Package Check Results for Package prewas

Last updated on 2021-06-22 09:51:47 CEST.

Flavor Version Tinstall Tcheck Ttotal Status Flags
r-devel-linux-x86_64-debian-clang 1.1.1 3.55 113.13 116.68 OK
r-devel-linux-x86_64-debian-gcc 1.1.1 2.56 80.61 83.17 OK
r-devel-linux-x86_64-fedora-clang 1.1.1 142.12 NOTE
r-devel-linux-x86_64-fedora-gcc 1.1.1 137.42 NOTE
r-devel-windows-x86_64 1.1.1 5.00 110.00 115.00 OK
r-devel-windows-x86_64-gcc10-UCRT 1.1.1 FAIL
r-patched-linux-x86_64 1.1.1 3.07 106.45 109.52 OK
r-patched-solaris-x86 1.1.1 220.00 NOTE
r-release-linux-x86_64 1.1.1 3.34 107.20 110.54 OK
r-release-macos-arm64 1.1.1 NOTE
r-release-macos-x86_64 1.1.1 NOTE
r-release-windows-ix86+x86_64 1.1.1 7.00 123.00 130.00 OK
r-oldrel-macos-x86_64 1.1.1 NOTE

Check Details

Version: 1.1.1
Check: dependencies in R code
Result: NOTE
    Namespace in Imports field not imported from: ‘stats’
     All declared Imports should be used.
Flavors: r-devel-linux-x86_64-fedora-clang, r-devel-linux-x86_64-fedora-gcc, r-devel-windows-x86_64-gcc10-UCRT, r-patched-solaris-x86, r-release-macos-arm64, r-release-macos-x86_64, r-oldrel-macos-x86_64

Version: 1.1.1
Check: re-building of vignette outputs
Result: FAIL
Flavor: r-devel-windows-x86_64-gcc10-UCRT