CRAN Package Check Results for Package preputils

Last updated on 2021-06-22 09:51:47 CEST.

Flavor Version Tinstall Tcheck Ttotal Status Flags
r-devel-linux-x86_64-debian-clang 1.0.3 2.55 28.81 31.36 NOTE
r-devel-linux-x86_64-debian-gcc 1.0.3 1.93 22.48 24.41 NOTE
r-devel-linux-x86_64-fedora-clang 1.0.3 47.61 NOTE
r-devel-linux-x86_64-fedora-gcc 1.0.3 36.14 NOTE
r-devel-windows-x86_64 1.0.3 5.00 38.00 43.00 NOTE
r-devel-windows-x86_64-gcc10-UCRT 1.0.3 NOTE
r-patched-linux-x86_64 1.0.3 2.85 27.39 30.24 NOTE
r-patched-solaris-x86 1.0.3 57.60 NOTE
r-release-linux-x86_64 1.0.3 2.38 27.66 30.04 NOTE
r-release-macos-arm64 1.0.3 NOTE
r-release-macos-x86_64 1.0.3 NOTE
r-release-windows-ix86+x86_64 1.0.3 6.00 44.00 50.00 NOTE
r-oldrel-macos-x86_64 1.0.3 OK

Check Details

Version: 1.0.3
Check: LazyData
Result: NOTE
     'LazyData' is specified without a 'data' directory
Flavors: r-devel-linux-x86_64-debian-clang, r-devel-linux-x86_64-debian-gcc, r-devel-linux-x86_64-fedora-clang, r-devel-linux-x86_64-fedora-gcc, r-devel-windows-x86_64, r-devel-windows-x86_64-gcc10-UCRT, r-patched-linux-x86_64, r-patched-solaris-x86, r-release-linux-x86_64, r-release-macos-arm64, r-release-macos-x86_64, r-release-windows-ix86+x86_64