CRAN Package Check Results for Package predictoR

Last updated on 2020-07-06 21:50:34 CEST.

Flavor Version Tinstall Tcheck Ttotal Status Flags
r-devel-linux-x86_64-debian-clang 1.1.2 2.41 18.22 20.63 OK
r-devel-linux-x86_64-debian-gcc 1.1.2 1.96 14.77 16.73 OK
r-devel-linux-x86_64-fedora-clang 1.1.2 34.06 NOTE
r-devel-linux-x86_64-fedora-gcc 1.1.2 23.72 NOTE
r-devel-windows-ix86+x86_64 1.1.2 16.00 32.00 48.00 OK
r-patched-linux-x86_64 1.1.2 2.37 18.37 20.74 OK
r-patched-solaris-x86 1.1.2 39.90 NOTE
r-release-linux-x86_64 1.1.2 2.07 18.08 20.15 OK
r-release-osx-x86_64 1.1.0 NOTE
r-release-windows-ix86+x86_64 1.1.2 11.00 45.00 56.00 OK
r-oldrel-osx-x86_64 1.1.2 NOTE
r-oldrel-windows-ix86+x86_64 1.1.2 6.00 34.00 40.00 OK

Check Details

Version: 1.1.2
Check: package dependencies
Result: NOTE
    Imports includes 22 non-default packages.
    Importing from so many packages makes the package vulnerable to any of
    them becoming unavailable. Move as many as possible to Suggests and
    use conditionally.
Flavor: r-devel-linux-x86_64-fedora-clang

Version: 1.1.2
Check: dependencies in R code
Result: NOTE
    Namespaces in Imports field not imported from:
     ‘DT’ ‘ROCR’ ‘ada’ ‘colourpicker’ ‘corrplot’ ‘e1071’ ‘flexdashboard’
     ‘glmnet’ ‘kknn’ ‘neuralnet’ ‘plyr’ ‘randomForest’ ‘rattle’ ‘rpart’
     ‘shinyAce’ ‘shinyWidgets’ ‘shinydashboardPlus’ ‘shinyjs’ ‘tidyverse’
     ‘xgboost’ ‘zip’
     All declared Imports should be used.
Flavors: r-devel-linux-x86_64-fedora-clang, r-devel-linux-x86_64-fedora-gcc, r-patched-solaris-x86, r-oldrel-osx-x86_64

Version: 1.1.0
Check: dependencies in R code
Result: NOTE
    Namespaces in Imports field not imported from:
     ‘DT’ ‘ROCR’ ‘ada’ ‘colourpicker’ ‘corrplot’ ‘e1071’ ‘flexdashboard’
     ‘glmnet’ ‘kknn’ ‘neuralnet’ ‘randomForest’ ‘rattle’ ‘rpart’
     ‘shinyAce’ ‘shinyWidgets’ ‘shinydashboardPlus’ ‘shinyjs’ ‘tidyverse’
     ‘xgboost’ ‘zip’
     All declared Imports should be used.
Flavor: r-release-osx-x86_64