CRAN Package Check Results for Package predictionInterval

Last updated on 2021-04-15 09:50:10 CEST.

Flavor Version Tinstall Tcheck Ttotal Status Flags
r-devel-linux-x86_64-debian-clang 1.0.0 4.71 48.48 53.19 OK
r-devel-linux-x86_64-debian-gcc 1.0.0 3.53 35.80 39.33 OK
r-devel-linux-x86_64-fedora-clang 1.0.0 72.38 OK
r-devel-linux-x86_64-fedora-gcc 1.0.0 60.36 OK
r-devel-windows-ix86+x86_64 1.0.0 15.00 54.00 69.00 OK
r-devel-windows-x86_64-gcc10-UCRT 1.0.0 OK
r-patched-linux-x86_64 1.0.0 4.17 43.48 47.65 OK
r-patched-solaris-x86 1.0.0 4.80 ERROR
r-release-linux-x86_64 1.0.0 3.68 43.61 47.29 OK
r-release-macos-x86_64 1.0.0 OK
r-release-windows-ix86+x86_64 1.0.0 16.00 64.00 80.00 OK
r-oldrel-macos-x86_64 1.0.0 OK
r-oldrel-windows-ix86+x86_64 1.0.0 8.00 46.00 54.00 OK

Check Details

Version: 1.0.0
Check: package dependencies
Result: ERROR
    Package required but not available: ‘MBESS’
    
    See section ‘The DESCRIPTION file’ in the ‘Writing R Extensions’
    manual.
Flavor: r-patched-solaris-x86