CRAN Package Check Results for Package ppclust

Last updated on 2021-04-15 09:50:10 CEST.

Flavor Version Tinstall Tcheck Ttotal Status Flags
r-devel-linux-x86_64-debian-clang 1.1.0 9.67 182.15 191.82 OK
r-devel-linux-x86_64-debian-gcc 1.1.0 8.43 124.77 133.20 OK
r-devel-linux-x86_64-fedora-clang 1.1.0 222.33 NOTE
r-devel-linux-x86_64-fedora-gcc 1.1.0 222.48 OK
r-devel-windows-ix86+x86_64 1.1.0 18.00 172.00 190.00 OK
r-devel-windows-x86_64-gcc10-UCRT 1.1.0 OK
r-patched-linux-x86_64 1.1.0 10.39 163.51 173.90 OK
r-patched-solaris-x86 1.1.0 247.70 OK
r-release-linux-x86_64 1.1.0 9.36 165.49 174.85 OK
r-release-macos-x86_64 1.1.0 OK
r-release-windows-ix86+x86_64 1.1.0 14.00 211.00 225.00 OK
r-oldrel-macos-x86_64 1.1.0 OK
r-oldrel-windows-ix86+x86_64 1.1.0 15.00 157.00 172.00 OK

Check Details

Version: 1.1.0
Check: Rd cross-references
Result: NOTE
    Undeclared package ‘advclust’ in Rd xrefs
Flavor: r-devel-linux-x86_64-fedora-clang