CRAN Package Check Results for Package portfolioBacktest

Last updated on 2021-06-21 09:52:50 CEST.

Flavor Version Tinstall Tcheck Ttotal Status Flags
r-devel-linux-x86_64-debian-clang 0.2.3 7.56 156.09 163.65 OK
r-devel-linux-x86_64-debian-gcc 0.2.3 6.24 109.56 115.80 OK
r-devel-linux-x86_64-fedora-clang 0.2.3 194.85 OK
r-devel-linux-x86_64-fedora-gcc 0.2.3 187.74 OK
r-devel-windows-x86_64 0.2.3 12.00 180.00 192.00 OK
r-devel-windows-x86_64-gcc10-UCRT 0.2.3 ERROR
r-patched-linux-x86_64 0.2.3 7.39 143.68 151.07 OK
r-patched-solaris-x86 0.2.3 281.50 OK
r-release-linux-x86_64 0.2.3 7.45 144.21 151.66 OK
r-release-macos-arm64 0.2.3 OK
r-release-macos-x86_64 0.2.3 OK
r-release-windows-ix86+x86_64 0.2.3 17.00 202.00 219.00 OK
r-oldrel-macos-x86_64 0.2.3 OK

Check Details

Version: 0.2.3
Check: package dependencies
Result: ERROR
    Package required but not available: 'quantmod'
    
    Package suggested but not available for checking: 'readtext'
    
    See section 'The DESCRIPTION file' in the 'Writing R Extensions'
    manual.
Flavor: r-devel-windows-x86_64-gcc10-UCRT