CRAN Package Check Results for Package popkin

Last updated on 2021-06-22 09:51:47 CEST.

Flavor Version Tinstall Tcheck Ttotal Status Flags
r-devel-linux-x86_64-debian-clang 1.3.8 25.49 42.20 67.69 NOTE
r-devel-linux-x86_64-debian-gcc 1.3.8 19.20 33.35 52.55 NOTE
r-devel-linux-x86_64-fedora-clang 1.3.8 99.13 NOTE
r-devel-linux-x86_64-fedora-gcc 1.3.8 85.84 NOTE
r-devel-windows-x86_64 1.3.8 34.00 71.00 105.00 NOTE
r-devel-windows-x86_64-gcc10-UCRT 1.3.8 NOTE
r-patched-linux-x86_64 1.3.8 23.21 40.85 64.06 NOTE
r-patched-solaris-x86 1.3.8 104.30 NOTE
r-release-linux-x86_64 1.3.8 24.30 40.65 64.95 NOTE
r-release-macos-arm64 1.3.8 NOTE
r-release-macos-x86_64 1.3.8 NOTE
r-release-windows-ix86+x86_64 1.3.8 67.00 110.00 177.00 NOTE
r-oldrel-macos-x86_64 1.3.8 NOTE

Check Details

Version: 1.3.8
Check: LazyData
Result: NOTE
     'LazyData' is specified without a 'data' directory
Flavors: r-devel-linux-x86_64-debian-clang, r-devel-linux-x86_64-debian-gcc, r-devel-linux-x86_64-fedora-clang, r-devel-linux-x86_64-fedora-gcc, r-devel-windows-x86_64, r-devel-windows-x86_64-gcc10-UCRT, r-patched-linux-x86_64, r-patched-solaris-x86, r-release-linux-x86_64, r-release-macos-arm64, r-release-macos-x86_64, r-release-windows-ix86+x86_64

Version: 1.3.8
Check: package dependencies
Result: NOTE
    Package suggested but not available for checking: ‘lfa’
Flavors: r-release-macos-arm64, r-release-macos-x86_64, r-oldrel-macos-x86_64