CRAN Package Check Results for Package popEpi

Last updated on 2021-06-20 09:50:00 CEST.

Flavor Version Tinstall Tcheck Ttotal Status Flags
r-devel-linux-x86_64-debian-clang 0.4.8 21.54 281.19 302.73 OK
r-devel-linux-x86_64-debian-gcc 0.4.8 17.90 210.98 228.88 OK
r-devel-linux-x86_64-fedora-clang 0.4.8 366.41 OK
r-devel-linux-x86_64-fedora-gcc 0.4.8 310.31 OK
r-devel-windows-x86_64 0.4.8 33.00 346.00 379.00 OK
r-devel-windows-x86_64-gcc10-UCRT 0.4.8 NOTE
r-patched-linux-x86_64 0.4.8 24.60 379.09 403.69 OK
r-patched-solaris-x86 0.4.8 544.30 OK
r-release-linux-x86_64 0.4.8 20.11 376.06 396.17 OK
r-release-macos-arm64 0.4.8 OK
r-release-macos-x86_64 0.4.8 OK
r-release-windows-ix86+x86_64 0.4.8 40.00 335.00 375.00 OK
r-oldrel-macos-x86_64 0.4.8 OK
r-oldrel-windows-ix86+x86_64 0.4.8 29.00 347.00 376.00 OK

Check Details

Version: 0.4.8
Check: package dependencies
Result: NOTE
    Package suggested but not available for checking: 'covr'
Flavor: r-devel-windows-x86_64-gcc10-UCRT