CRAN Package Check Results for Package polyRAD

Last updated on 2021-10-27 08:56:14 CEST.

Flavor Version Tinstall Tcheck Ttotal Status Flags
r-devel-linux-x86_64-debian-clang 1.5 84.99 160.54 245.53 OK
r-devel-linux-x86_64-debian-gcc 1.5 60.64 119.39 180.03 OK
r-devel-linux-x86_64-fedora-clang 1.5 348.20 NOTE
r-devel-linux-x86_64-fedora-gcc 1.5 315.84 OK
r-devel-windows-x86_64 1.5 114.00 164.00 278.00 NOTE
r-devel-windows-x86_64-gcc10-UCRT 1.5 OK
r-patched-linux-x86_64 1.5 75.82 156.10 231.92 OK
r-patched-solaris-x86 1.5 265.60 NOTE
r-release-linux-x86_64 1.5 71.38 155.41 226.79 OK
r-release-macos-arm64 1.5 NOTE
r-release-macos-x86_64 1.5 NOTE
r-release-windows-ix86+x86_64 1.5 162.00 244.00 406.00 NOTE
r-oldrel-macos-x86_64 1.5 NOTE
r-oldrel-windows-ix86+x86_64 1.5 215.00 241.00 456.00 NOTE

Check Details

Version: 1.5
Check: installed package size
Result: NOTE
     installed size is 8.8Mb
     sub-directories of 1Mb or more:
     extdata 4.0Mb
     libs 3.3Mb
Flavors: r-devel-linux-x86_64-fedora-clang, r-devel-windows-x86_64, r-patched-solaris-x86, r-release-macos-arm64, r-release-macos-x86_64, r-release-windows-ix86+x86_64, r-oldrel-macos-x86_64, r-oldrel-windows-ix86+x86_64

Version: 1.5
Check: Rd cross-references
Result: NOTE
    Undeclared packages ‘polymapR’, ‘BSgenome’ in Rd xrefs
Flavor: r-devel-linux-x86_64-fedora-clang