CRAN Package Check Results for Package pollimetry

Last updated on 2021-04-15 09:50:10 CEST.

Flavor Version Tinstall Tcheck Ttotal Status Flags
r-devel-linux-x86_64-debian-clang 1.0.1 17.50 160.11 177.61 NOTE
r-devel-linux-x86_64-debian-gcc 1.0.1 15.60 118.65 134.25 NOTE
r-devel-linux-x86_64-fedora-clang 1.0.1 221.23 NOTE
r-devel-linux-x86_64-fedora-gcc 1.0.1 204.79 NOTE
r-devel-windows-ix86+x86_64 1.0.1 51.00 166.00 217.00 NOTE
r-devel-windows-x86_64-gcc10-UCRT 1.0.1 NOTE
r-patched-linux-x86_64 1.0.1 17.60 148.96 166.56 NOTE
r-patched-solaris-x86 1.0.1 341.80 NOTE
r-release-linux-x86_64 1.0.1 16.63 149.37 166.00 NOTE
r-release-macos-x86_64 1.0.1 NOTE
r-release-windows-ix86+x86_64 1.0.1 51.00 199.00 250.00 NOTE
r-oldrel-macos-x86_64 1.0.1 NOTE
r-oldrel-windows-ix86+x86_64 1.0.1 31.00 139.00 170.00 NOTE

Check Details

Version: 1.0.1
Check: package dependencies
Result: NOTE
    Package suggested but not available for checking: 'pollimetrydata'
Flavors: r-devel-linux-x86_64-debian-clang, r-devel-linux-x86_64-debian-gcc, r-devel-linux-x86_64-fedora-clang, r-devel-linux-x86_64-fedora-gcc, r-devel-windows-ix86+x86_64, r-devel-windows-x86_64-gcc10-UCRT, r-patched-linux-x86_64, r-patched-solaris-x86, r-release-linux-x86_64, r-release-macos-x86_64, r-release-windows-ix86+x86_64, r-oldrel-macos-x86_64, r-oldrel-windows-ix86+x86_64