CRAN Package Check Results for Package polished

Last updated on 2021-04-15 09:50:10 CEST.

Flavor Version Tinstall Tcheck Ttotal Status Flags
r-devel-linux-x86_64-debian-clang 0.3.0 9.92 74.99 84.91 NOTE
r-devel-linux-x86_64-debian-gcc 0.3.0 9.25 56.98 66.23 NOTE
r-devel-linux-x86_64-fedora-clang 0.3.0 116.11 NOTE
r-devel-linux-x86_64-fedora-gcc 0.3.0 106.18 NOTE
r-devel-windows-ix86+x86_64 0.3.0 25.00 79.00 104.00 NOTE
r-devel-windows-x86_64-gcc10-UCRT 0.3.0 NOTE
r-patched-linux-x86_64 0.3.0 11.26 69.75 81.01 OK
r-patched-solaris-x86 0.3.0 156.10 OK
r-release-linux-x86_64 0.3.0 10.82 69.87 80.69 OK
r-release-macos-x86_64 0.3.0 OK
r-release-windows-ix86+x86_64 0.3.0 37.00 102.00 139.00 OK
r-oldrel-macos-x86_64 0.3.0 OK
r-oldrel-windows-ix86+x86_64 0.3.0 15.00 68.00 83.00 OK

Check Details

Version: 0.3.0
Check: LazyData
Result: NOTE
     'LazyData' is specified without a 'data' directory
Flavors: r-devel-linux-x86_64-debian-clang, r-devel-linux-x86_64-debian-gcc, r-devel-linux-x86_64-fedora-clang, r-devel-linux-x86_64-fedora-gcc, r-devel-windows-ix86+x86_64, r-devel-windows-x86_64-gcc10-UCRT

Version: 0.3.0
Check: package dependencies
Result: NOTE
    Imports includes 24 non-default packages.
    Importing from so many packages makes the package vulnerable to any of
    them becoming unavailable. Move as many as possible to Suggests and
    use conditionally.
Flavor: r-devel-linux-x86_64-fedora-clang