CRAN Package Check Results for Package policytree

Last updated on 2021-04-15 09:50:10 CEST.

Flavor Version Tinstall Tcheck Ttotal Status Flags
r-devel-linux-x86_64-debian-clang 1.0.4 22.70 52.71 75.41 NOTE
r-devel-linux-x86_64-debian-gcc 1.0.4 16.99 42.65 59.64 NOTE
r-devel-linux-x86_64-fedora-clang 1.0.4 105.88 NOTE
r-devel-linux-x86_64-fedora-gcc 1.0.4 97.32 NOTE
r-devel-windows-ix86+x86_64 1.0.4 56.00 75.00 131.00 NOTE
r-devel-windows-x86_64-gcc10-UCRT 1.0.4 NOTE
r-patched-linux-x86_64 1.0.4 18.94 52.66 71.60 OK
r-patched-solaris-x86 1.0.4 467.10 OK
r-release-linux-x86_64 1.0.4 19.05 52.51 71.56 OK
r-release-macos-x86_64 1.0.4 OK
r-release-windows-ix86+x86_64 1.0.4 66.00 89.00 155.00 OK
r-oldrel-macos-x86_64 1.0.4 OK
r-oldrel-windows-ix86+x86_64 1.0.4 50.00 62.00 112.00 OK

Check Details

Version: 1.0.4
Check: LazyData
Result: NOTE
     'LazyData' is specified without a 'data' directory
Flavors: r-devel-linux-x86_64-debian-clang, r-devel-linux-x86_64-debian-gcc, r-devel-linux-x86_64-fedora-clang, r-devel-linux-x86_64-fedora-gcc, r-devel-windows-ix86+x86_64, r-devel-windows-x86_64-gcc10-UCRT