CRAN Package Check Results for Package plu

Last updated on 2021-06-24 09:52:40 CEST.

Flavor Version Tinstall Tcheck Ttotal Status Flags
r-devel-linux-x86_64-debian-clang 0.2.1 3.18 34.95 38.13 OK
r-devel-linux-x86_64-debian-gcc 0.2.1 2.90 27.56 30.46 OK
r-devel-linux-x86_64-fedora-clang 0.2.1 56.05 OK
r-devel-linux-x86_64-fedora-gcc 0.2.1 45.72 OK
r-devel-windows-x86_64 0.2.1 6.00 45.00 51.00 OK
r-devel-windows-x86_64-gcc10-UCRT 0.2.1 NOTE
r-patched-linux-x86_64 0.2.1 3.84 34.12 37.96 OK
r-patched-solaris-x86 0.2.1 69.50 OK
r-release-linux-x86_64 0.2.1 3.61 33.82 37.43 OK
r-release-macos-arm64 0.2.1 OK
r-release-macos-x86_64 0.2.1 OK
r-release-windows-ix86+x86_64 0.2.1 7.00 41.00 48.00 OK
r-oldrel-macos-x86_64 0.2.1 OK

Check Details

Version: 0.2.1
Check: package dependencies
Result: NOTE
    Package suggested but not available for checking: 'covr'
Flavor: r-devel-windows-x86_64-gcc10-UCRT