CRAN Package Check Results for Package pls

Last updated on 2021-04-15 09:50:10 CEST.

Flavor Version Tinstall Tcheck Ttotal Status Flags
r-devel-linux-x86_64-debian-clang 2.7-3 6.52 67.27 73.79 OK
r-devel-linux-x86_64-debian-gcc 2.7-3 4.93 51.03 55.96 OK
r-devel-linux-x86_64-fedora-clang 2.7-3 97.84 NOTE
r-devel-linux-x86_64-fedora-gcc 2.7-3 86.41 OK
r-devel-windows-ix86+x86_64 2.7-3 11.00 71.00 82.00 OK
r-devel-windows-x86_64-gcc10-UCRT 2.7-3 OK
r-patched-linux-x86_64 2.7-3 5.67 63.28 68.95 OK
r-patched-solaris-x86 2.7-3 136.10 OK
r-release-linux-x86_64 2.7-3 6.21 63.08 69.29 OK
r-release-macos-x86_64 2.7-3 NOTE
r-release-windows-ix86+x86_64 2.7-3 8.00 85.00 93.00 OK
r-oldrel-macos-x86_64 2.7-3 NOTE
r-oldrel-windows-ix86+x86_64 2.7-3 12.00 64.00 76.00 OK

Check Details

Version: 2.7-3
Check: Rd cross-references
Result: NOTE
    Undeclared package ‘sm’ in Rd xrefs
Flavor: r-devel-linux-x86_64-fedora-clang

Version: 2.7-3
Check: package dependencies
Result: NOTE
    Package suggested but not available for checking: ‘Rmpi’
Flavors: r-release-macos-x86_64, r-oldrel-macos-x86_64