CRAN Package Check Results for Package pkgconfig

Last updated on 2021-06-16 09:53:32 CEST.

Flavor Version Tinstall Tcheck Ttotal Status Flags
r-devel-linux-x86_64-debian-clang 2.0.3 1.18 23.54 24.72 NOTE
r-devel-linux-x86_64-debian-gcc 2.0.3 1.09 18.99 20.08 NOTE
r-devel-linux-x86_64-fedora-clang 2.0.3 40.22 NOTE
r-devel-linux-x86_64-fedora-gcc 2.0.3 29.69 NOTE
r-devel-windows-x86_64 2.0.3 5.00 41.00 46.00 NOTE
r-devel-windows-x86_64-gcc10-UCRT 2.0.3 NOTE
r-patched-linux-x86_64 2.0.3 1.73 23.06 24.79 NOTE
r-patched-solaris-x86 2.0.3 49.00 NOTE
r-release-linux-x86_64 2.0.3 1.05 23.18 24.23 NOTE
r-release-macos-arm64 2.0.3 FAIL
r-release-macos-x86_64 2.0.3 NOTE
r-release-windows-ix86+x86_64 2.0.3 4.00 40.00 44.00 NOTE
r-oldrel-macos-x86_64 2.0.3 OK
r-oldrel-windows-ix86+x86_64 2.0.3 6.00 44.00 50.00 OK

Check Details

Version: 2.0.3
Check: LazyData
Result: NOTE
     'LazyData' is specified without a 'data' directory
Flavors: r-devel-linux-x86_64-debian-clang, r-devel-linux-x86_64-debian-gcc, r-devel-linux-x86_64-fedora-clang, r-devel-linux-x86_64-fedora-gcc, r-devel-windows-x86_64, r-devel-windows-x86_64-gcc10-UCRT, r-patched-linux-x86_64, r-patched-solaris-x86, r-release-linux-x86_64, r-release-macos-x86_64, r-release-windows-ix86+x86_64

Version: 2.0.3
Check: package dependencies
Result: FAIL
Flavor: r-release-macos-arm64