CRAN Package Check Results for Package photobiologyLamps

Last updated on 2020-02-28 22:53:41 CET.

Flavor Version Tinstall Tcheck Ttotal Status Flags
r-devel-linux-x86_64-debian-clang 0.4.3 3.16 37.19 40.35 OK
r-devel-linux-x86_64-debian-gcc 0.4.3 2.53 29.16 31.69 OK
r-devel-linux-x86_64-fedora-clang 0.4.3 48.89 NOTE
r-devel-linux-x86_64-fedora-gcc 0.4.3 47.57 NOTE
r-devel-windows-ix86+x86_64 0.4.3 13.00 55.00 68.00 OK
r-devel-windows-ix86+x86_64-gcc8 0.4.3 9.00 54.00 63.00 OK
r-patched-linux-x86_64 0.4.3 2.77 33.74 36.51 OK
r-patched-solaris-x86 0.4.3 66.60 NOTE
r-release-linux-x86_64 0.4.3 2.46 34.18 36.64 OK
r-release-windows-ix86+x86_64 0.4.3 6.00 80.00 86.00 OK
r-release-osx-x86_64 0.4.3 NOTE
r-oldrel-windows-ix86+x86_64 0.4.3 3.00 54.00 57.00 OK
r-oldrel-osx-x86_64 0.4.3 NOTE

Check Details

Version: 0.4.3
Check: data for non-ASCII characters
Result: NOTE
     Note: found 1 marked Latin-1 string
Flavors: r-devel-linux-x86_64-fedora-clang, r-devel-linux-x86_64-fedora-gcc, r-patched-solaris-x86, r-release-osx-x86_64, r-oldrel-osx-x86_64