CRAN Package Check Results for Package photobiologyInOut

Last updated on 2021-06-21 09:52:49 CEST.

Flavor Version Tinstall Tcheck Ttotal Status Flags
r-devel-linux-x86_64-debian-clang 0.4.22-1 5.84 98.40 104.24 NOTE
r-devel-linux-x86_64-debian-gcc 0.4.22-1 4.64 72.55 77.19 NOTE
r-devel-linux-x86_64-fedora-clang 0.4.22-1 128.84 NOTE
r-devel-linux-x86_64-fedora-gcc 0.4.22-1 118.20 NOTE
r-devel-windows-x86_64 0.4.22-1 10.00 101.00 111.00 NOTE
r-devel-windows-x86_64-gcc10-UCRT 0.4.22-1 NOTE
r-patched-linux-x86_64 0.4.22-1 6.24 91.02 97.26 NOTE
r-patched-solaris-x86 0.4.22-1 158.60 NOTE
r-release-linux-x86_64 0.4.22-1 4.97 90.06 95.03 NOTE
r-release-macos-arm64 0.4.22-1 NOTE
r-release-macos-x86_64 0.4.22-1 NOTE
r-release-windows-ix86+x86_64 0.4.22-1 12.00 118.00 130.00 NOTE
r-oldrel-macos-x86_64 0.4.22-1 OK

Check Details

Version: 0.4.22-1
Check: LazyData
Result: NOTE
     'LazyData' is specified without a 'data' directory
Flavors: r-devel-linux-x86_64-debian-clang, r-devel-linux-x86_64-debian-gcc, r-devel-linux-x86_64-fedora-clang, r-devel-linux-x86_64-fedora-gcc, r-devel-windows-x86_64, r-devel-windows-x86_64-gcc10-UCRT, r-patched-linux-x86_64, r-patched-solaris-x86, r-release-linux-x86_64, r-release-macos-arm64, r-release-macos-x86_64, r-release-windows-ix86+x86_64

Version: 0.4.22-1
Check: package dependencies
Result: NOTE
    Package suggested but not available for checking: 'pavo'
Flavor: r-devel-windows-x86_64-gcc10-UCRT