CRAN Package Check Results for Package pharmaRTF

Last updated on 2021-06-21 09:52:49 CEST.

Flavor Version Tinstall Tcheck Ttotal Status Flags
r-devel-linux-x86_64-debian-clang 0.1.3 4.34 76.24 80.58 OK
r-devel-linux-x86_64-debian-gcc 0.1.3 3.19 56.62 59.81 OK
r-devel-linux-x86_64-fedora-clang 0.1.3 100.56 OK
r-devel-linux-x86_64-fedora-gcc 0.1.3 91.02 OK
r-devel-windows-x86_64 0.1.3 8.00 89.00 97.00 OK
r-devel-windows-x86_64-gcc10-UCRT 0.1.3 WARN
r-patched-linux-x86_64 0.1.3 4.72 71.87 76.59 OK
r-patched-solaris-x86 0.1.3 134.50 OK
r-release-linux-x86_64 0.1.3 4.28 72.31 76.59 OK
r-release-macos-arm64 0.1.3 OK
r-release-macos-x86_64 0.1.3 OK
r-release-windows-ix86+x86_64 0.1.3 12.00 100.00 112.00 OK
r-oldrel-macos-x86_64 0.1.3 OK

Check Details

Version: 0.1.3
Check: package dependencies
Result: NOTE
    Packages suggested but not available for checking:
     'kableExtra', 'tidyverse'
Flavor: r-devel-windows-x86_64-gcc10-UCRT

Version: 0.1.3
Check: re-building of vignette outputs
Result: WARN
    Error(s) in re-building vignettes:
    --- re-building 'advanced_usage.Rmd' using rmarkdown
    Quitting from lines 13-20 (advanced_usage.Rmd)
    Error: processing vignette 'advanced_usage.Rmd' failed with diagnostics:
    there is no package called 'tidyverse'
    --- failed re-building 'advanced_usage.Rmd'
    
    --- re-building 'huxtable_tips.Rmd' using rmarkdown
    Quitting from lines 13-20 (huxtable_tips.Rmd)
    Error: processing vignette 'huxtable_tips.Rmd' failed with diagnostics:
    there is no package called 'tidyverse'
    --- failed re-building 'huxtable_tips.Rmd'
    
    --- re-building 'pharmaRTF.Rmd' using rmarkdown
    Quitting from lines 13-20 (pharmaRTF.Rmd)
    Error: processing vignette 'pharmaRTF.Rmd' failed with diagnostics:
    there is no package called 'tidyverse'
    --- failed re-building 'pharmaRTF.Rmd'
    
    --- re-building 'tf_from_file.Rmd' using rmarkdown
    Quitting from lines 13-21 (tf_from_file.Rmd)
    Error: processing vignette 'tf_from_file.Rmd' failed with diagnostics:
    there is no package called 'tidyverse'
    --- failed re-building 'tf_from_file.Rmd'
    
    SUMMARY: processing the following files failed:
     'advanced_usage.Rmd' 'huxtable_tips.Rmd' 'pharmaRTF.Rmd'
     'tf_from_file.Rmd'
    
    Error: Vignette re-building failed.
    Execution halted
Flavor: r-devel-windows-x86_64-gcc10-UCRT