CRAN Package Check Results for Package pgbart

Last updated on 2020-02-24 20:47:26 CET.

Flavor Version Tinstall Tcheck Ttotal Status Flags
r-devel-linux-x86_64-debian-clang 0.6.16 20.68 25.54 46.22 WARN
r-devel-linux-x86_64-debian-gcc 0.6.16 11.71 20.48 32.19 WARN
r-devel-linux-x86_64-fedora-clang 0.6.16 70.54 OK
r-devel-linux-x86_64-fedora-gcc 0.6.16 52.81 WARN
r-devel-windows-ix86+x86_64 0.6.16 51.00 70.00 121.00 OK
r-devel-windows-ix86+x86_64-gcc8 0.6.16 66.00 80.00 146.00 OK
r-patched-linux-x86_64 0.6.16 14.62 23.98 38.60 OK
r-patched-solaris-x86 0.6.16 90.90 OK
r-release-linux-x86_64 0.6.16 14.15 23.54 37.69 OK
r-release-windows-ix86+x86_64 0.6.16 52.00 59.00 111.00 OK
r-release-osx-x86_64 0.6.16 OK
r-oldrel-windows-ix86+x86_64 0.6.16 49.00 67.00 116.00 OK
r-oldrel-osx-x86_64 0.6.16 OK

Check Details

Version: 0.6.16
Check: whether package can be installed
Result: WARN
    Found the following significant warnings:
     ./Serialize.h:64:5: warning: ignoring return value of function declared with 'warn_unused_result' attribute [-Wunused-result]
     ./Serialize.h:66:9: warning: ignoring return value of function declared with 'warn_unused_result' attribute [-Wunused-result]
     ./Serialize.h:68:9: warning: ignoring return value of function declared with 'warn_unused_result' attribute [-Wunused-result]
     mbart.cpp:512:4: warning: ignoring return value of function declared with 'warn_unused_result' attribute [-Wunused-result]
     mbart.cpp:513:4: warning: ignoring return value of function declared with 'warn_unused_result' attribute [-Wunused-result]
Flavor: r-devel-linux-x86_64-debian-clang

Version: 0.6.16
Check: whether package can be installed
Result: WARN
    Found the following significant warnings:
     Serialize.h:64:11: warning: ignoring return value of ‘int fscanf(FILE*, const char*, ...)’, declared with attribute warn_unused_result [-Wunused-result]
     Serialize.h:66:15: warning: ignoring return value of ‘int fscanf(FILE*, const char*, ...)’, declared with attribute warn_unused_result [-Wunused-result]
     Serialize.h:68:15: warning: ignoring return value of ‘int fscanf(FILE*, const char*, ...)’, declared with attribute warn_unused_result [-Wunused-result]
     mbart.cpp:512:10: warning: ignoring return value of ‘int fscanf(FILE*, const char*, ...)’, declared with attribute warn_unused_result [-Wunused-result]
     mbart.cpp:513:10: warning: ignoring return value of ‘int fscanf(FILE*, const char*, ...)’, declared with attribute warn_unused_result [-Wunused-result]
Flavors: r-devel-linux-x86_64-debian-gcc, r-devel-linux-x86_64-fedora-gcc